Last updated on 2022-08-15 08:50:01 CEST.
Flavor | Version | Tinstall | Tcheck | Ttotal | Status | Flags |
---|---|---|---|---|---|---|
r-devel-linux-x86_64-debian-clang | 1.4.1 | 23.31 | 358.55 | 381.86 | OK | |
r-devel-linux-x86_64-debian-gcc | 1.4.1 | 15.98 | 256.31 | 272.29 | OK | |
r-devel-linux-x86_64-fedora-clang | 1.4.1 | 440.70 | NOTE | |||
r-devel-linux-x86_64-fedora-gcc | 1.4.1 | 429.77 | NOTE | |||
r-devel-windows-x86_64 | 1.4.1 | 48.00 | 364.00 | 412.00 | OK | |
r-patched-linux-x86_64 | 1.4.1 | 25.75 | 328.95 | 354.70 | OK | |
r-release-linux-x86_64 | 1.4.1 | 21.70 | 326.76 | 348.46 | OK | |
r-release-macos-arm64 | 1.4.1 | 79.00 | NOTE | |||
r-release-macos-x86_64 | 1.4.1 | 7.00 | ERROR | |||
r-release-windows-x86_64 | 1.4.1 | 44.00 | 368.00 | 412.00 | OK | |
r-oldrel-macos-arm64 | 1.4.1 | 111.00 | NOTE | |||
r-oldrel-macos-x86_64 | 1.4.1 | 204.00 | NOTE | |||
r-oldrel-windows-ix86+x86_64 | 1.4.1 | 42.00 | 405.00 | 447.00 | OK |
Version: 1.4.1
Check: dependencies in R code
Result: NOTE
Namespace in Imports field not imported from: ‘mcmcr’
All declared Imports should be used.
Flavors: r-devel-linux-x86_64-fedora-clang, r-devel-linux-x86_64-fedora-gcc, r-release-macos-arm64, r-oldrel-macos-arm64, r-oldrel-macos-x86_64
Version: 1.4.1
Check: package dependencies
Result: ERROR
Package required but not available: ‘BCEA’
See section ‘The DESCRIPTION file’ in the ‘Writing R Extensions’
manual.
Flavor: r-release-macos-x86_64