Last updated on 2022-08-15 08:50:01 CEST.
Flavor | Version | Tinstall | Tcheck | Ttotal | Status | Flags |
---|---|---|---|---|---|---|
r-devel-linux-x86_64-debian-clang | 2.0.3 | 4.57 | 74.28 | 78.85 | OK | |
r-devel-linux-x86_64-debian-gcc | 2.0.3 | 3.12 | 56.14 | 59.26 | OK | |
r-devel-linux-x86_64-fedora-clang | 2.0.3 | 105.57 | NOTE | |||
r-devel-linux-x86_64-fedora-gcc | 2.0.3 | 100.27 | NOTE | |||
r-devel-windows-x86_64 | 2.0.3 | 63.00 | 119.00 | 182.00 | OK | |
r-patched-linux-x86_64 | 2.0.3 | 4.97 | 69.25 | 74.22 | OK | |
r-release-linux-x86_64 | 2.0.3 | 3.77 | 72.07 | 75.84 | OK | |
r-release-macos-arm64 | 2.0.3 | 35.00 | NOTE | |||
r-release-macos-x86_64 | 2.0.3 | 49.00 | NOTE | |||
r-release-windows-x86_64 | 2.0.3 | 62.00 | 118.00 | 180.00 | OK | |
r-oldrel-macos-arm64 | 2.0.3 | 43.00 | NOTE | |||
r-oldrel-macos-x86_64 | 2.0.3 | 62.00 | NOTE | |||
r-oldrel-windows-ix86+x86_64 | 2.0.3 | 10.00 | 111.00 | 121.00 | OK |
Version: 2.0.3
Check: dependencies in R code
Result: NOTE
Namespace in Imports field not imported from: ‘grDevices’
All declared Imports should be used.
Flavors: r-devel-linux-x86_64-fedora-clang, r-devel-linux-x86_64-fedora-gcc, r-release-macos-arm64, r-release-macos-x86_64, r-oldrel-macos-arm64, r-oldrel-macos-x86_64