Last updated on 2022-08-15 08:50:01 CEST.
Flavor | Version | Tinstall | Tcheck | Ttotal | Status | Flags |
---|---|---|---|---|---|---|
r-devel-linux-x86_64-debian-clang | 5.4 | 82.80 | 200.89 | 283.69 | NOTE | |
r-devel-linux-x86_64-debian-gcc | 5.4 | 58.60 | 144.72 | 203.32 | NOTE | |
r-devel-linux-x86_64-fedora-clang | 5.4 | 351.39 | NOTE | |||
r-devel-linux-x86_64-fedora-gcc | 5.4 | 359.82 | NOTE | |||
r-devel-windows-x86_64 | 5.4 | 148.00 | 206.00 | 354.00 | OK | |
r-patched-linux-x86_64 | 5.4 | 68.80 | 182.76 | 251.56 | OK | |
r-release-linux-x86_64 | 5.4 | 70.61 | 186.18 | 256.79 | OK | |
r-release-windows-x86_64 | 5.4 | 171.00 | 205.00 | 376.00 | OK | |
r-oldrel-windows-ix86+x86_64 | 5.4 | 202.00 | 240.00 | 442.00 | OK |
Version: 5.4
Check: HTML version of manual
Result: NOTE
Found the following math rendering problems:
NMixMCMC.Rd:133: Invalid size: '\textwidth' in \mbox{\hspace{\textwidth}}
NMixMCMC.Rd:134: Invalid size: '\textwidth' in \mbox{\hspace{\textwidth}}
NMixMCMC.Rd:138: Invalid size: '\textwidth' in \mbox{\hspace{\textwidth}}
NMixMCMC.Rd:139: Invalid size: '\textwidth' in \mbox{\hspace{\textwidth}}
NMixMCMC.Rd:142: Invalid size: '\textwidth' in \mbox{\hspace{\textwidth}}
NMixMCMC.Rd:143: Invalid size: '\textwidth' in \mbox{\hspace{\textwidth}}
NMixMCMC.Rd:155: Invalid size: '\textwidth' in \mbox{\hspace{\textwidth}}
NMixMCMC.Rd:156: Invalid size: '\textwidth' in \mbox{\hspace{\textwidth}}
NMixMCMC.Rd:177: Invalid size: '\textwidth' in \mbox{\hspace{\textwidth}}
NMixMCMC.Rd:178: Invalid size: '\textwidth' in \mbox{\hspace{\textwidth}}
NMixMCMC.Rd:197: Invalid size: '\textwidth' in \mbox{\hspace{\textwidth}}
NMixMCMC.Rd:224: Invalid size: '\textwidth' in \mbox{\hspace{\textwidth}}
NMixMCMC.Rd:229: Invalid size: '\textwidth' in \mbox{\hspace{\textwidth}}
NMixMCMC.Rd:234: Invalid size: '\textwidth' in \mbox{\hspace{\textwidth}}
NMixMCMC.Rd:239: Invalid size: '\textwidth' in \mbox{\hspace{\textwidth}}
NMixMCMC.Rd:252: Invalid size: '\textwidth' in \mbox{\hspace{\textwidth}}
NMixMCMC.Rd:256: Invalid size: '\textwidth' in \mbox{\hspace{\textwidth}}
NMixMCMC.Rd:271: Invalid size: '\textwidth' in \mbox{\hspace{\textwidth}}
NMixMCMC.Rd:276: Invalid size: '\textwidth' in \mbox{\hspace{\textwidth}}
NMixMCMC.Rd:281: Invalid size: '\textwidth' in \mbox{\hspace{\textwidth}}
NMixMCMC.Rd:287: Invalid size: '\textwidth' in \mbox{\hspace{\textwidth}}
Flavors: r-devel-linux-x86_64-debian-clang, r-devel-linux-x86_64-debian-gcc, r-devel-linux-x86_64-fedora-clang, r-devel-linux-x86_64-fedora-gcc
Version: 5.4
Check: Rd cross-references
Result: NOTE
Undeclared package ‘mvtnorm’ in Rd xrefs
Flavor: r-devel-linux-x86_64-fedora-clang