Last updated on 2022-08-15 08:50:01 CEST.
Flavor | Version | Tinstall | Tcheck | Ttotal | Status | Flags |
---|---|---|---|---|---|---|
r-devel-linux-x86_64-debian-clang | 0.8 | 36.02 | 334.21 | 370.23 | OK | |
r-devel-linux-x86_64-debian-gcc | 0.8 | 25.95 | 247.48 | 273.43 | OK | |
r-devel-linux-x86_64-fedora-clang | 0.8 | 442.82 | NOTE | |||
r-devel-linux-x86_64-fedora-gcc | 0.8 | 438.31 | NOTE | |||
r-devel-windows-x86_64 | 0.8 | 38.00 | 328.00 | 366.00 | OK | |
r-patched-linux-x86_64 | 0.8 | 30.61 | 318.41 | 349.02 | OK | |
r-release-linux-x86_64 | 0.8 | 29.08 | 310.15 | 339.23 | OK | |
r-release-macos-arm64 | 0.8 | 114.00 | NOTE | |||
r-release-macos-x86_64 | 0.8 | 205.00 | NOTE | |||
r-release-windows-x86_64 | 0.8 | 43.00 | 321.00 | 364.00 | OK | |
r-oldrel-macos-arm64 | 0.8 | 91.00 | NOTE | |||
r-oldrel-macos-x86_64 | 0.8 | 153.00 | WARN | |||
r-oldrel-windows-ix86+x86_64 | 0.8 | 70.00 | 334.00 | 404.00 | OK |
Version: 0.8
Check: dependencies in R code
Result: NOTE
Namespace in Imports field not imported from: ‘markdown’
All declared Imports should be used.
Flavors: r-devel-linux-x86_64-fedora-clang, r-devel-linux-x86_64-fedora-gcc, r-release-macos-arm64, r-release-macos-x86_64, r-oldrel-macos-arm64, r-oldrel-macos-x86_64
Version: 0.8
Check: re-building of vignette outputs
Result: WARN
Error(s) in re-building vignettes:
--- re-building ‘a-mixKernelInstallation.Rmd’ using knitr
--- finished re-building ‘a-mixKernelInstallation.Rmd’
--- re-building ‘mixKernelUsersGuide.Rmd’ using knitr
Loading required package: MASS
Loading required package: lattice
Loading required package: ggplot2
Loaded mixOmics 6.15.0
Thank you for using mixOmics!
Tutorials: http://mixomics.org
Bookdown vignette: https://mixomicsteam.github.io/Bookdown
Questions, issues: Follow the prompts at http://mixomics.org/contact-us
Cite us: citation('mixOmics')
Loading required package: reticulate
Any bug reports or comments? Notify us at jerome.mariette@inrae.fr or https://forgemia.inra.fr/jerome.mariette/mixKernel/-/issues
Quitting from lines 147-162 (mixKernelUsersGuide.Rmd)
Error: processing vignette 'mixKernelUsersGuide.Rmd' failed with diagnostics:
non-numeric argument to mathematical function
--- failed re-building ‘mixKernelUsersGuide.Rmd’
SUMMARY: processing the following file failed:
‘mixKernelUsersGuide.Rmd’
Error: Vignette re-building failed.
Execution halted
Flavor: r-oldrel-macos-x86_64