Last updated on 2022-08-15 08:50:01 CEST.
Flavor | Version | Tinstall | Tcheck | Ttotal | Status | Flags |
---|---|---|---|---|---|---|
r-devel-linux-x86_64-debian-clang | 0.9.1 | 4.03 | 43.22 | 47.25 | NOTE | |
r-devel-linux-x86_64-debian-gcc | 0.9.1 | 2.88 | 31.00 | 33.88 | NOTE | |
r-devel-linux-x86_64-fedora-clang | 0.9.1 | 66.70 | NOTE | |||
r-devel-linux-x86_64-fedora-gcc | 0.9.1 | 64.16 | NOTE | |||
r-devel-windows-x86_64 | 0.9.1 | 15.00 | 65.00 | 80.00 | NOTE | |
r-patched-linux-x86_64 | 0.9.1 | 3.88 | 40.33 | 44.21 | NOTE | |
r-release-linux-x86_64 | 0.9.1 | 3.77 | 40.37 | 44.14 | NOTE | |
r-release-macos-arm64 | 0.9.1 | 21.00 | NOTE | |||
r-release-macos-x86_64 | 0.9.1 | 28.00 | NOTE | |||
r-release-windows-x86_64 | 0.9.1 | 12.00 | 65.00 | 77.00 | NOTE | |
r-oldrel-macos-arm64 | 0.9.1 | 28.00 | NOTE | |||
r-oldrel-macos-x86_64 | 0.9.1 | 36.00 | NOTE | |||
r-oldrel-windows-ix86+x86_64 | 0.9.1 | 8.00 | 59.00 | 67.00 | NOTE |
Version: 0.9.1
Check: LazyData
Result: NOTE
'LazyData' is specified without a 'data' directory
Flavors: r-devel-linux-x86_64-debian-clang, r-devel-linux-x86_64-debian-gcc, r-devel-linux-x86_64-fedora-clang, r-devel-linux-x86_64-fedora-gcc, r-devel-windows-x86_64, r-patched-linux-x86_64, r-release-linux-x86_64, r-release-macos-arm64, r-release-macos-x86_64, r-release-windows-x86_64, r-oldrel-macos-arm64, r-oldrel-macos-x86_64, r-oldrel-windows-ix86+x86_64