Last updated on 2022-08-15 08:50:01 CEST.
Flavor | Version | Tinstall | Tcheck | Ttotal | Status | Flags |
---|---|---|---|---|---|---|
r-devel-linux-x86_64-debian-clang | 1.1.2 | 158.82 | 85.14 | 243.96 | OK | |
r-devel-linux-x86_64-debian-gcc | 1.1.2 | 134.68 | 65.00 | 199.68 | OK | |
r-devel-linux-x86_64-fedora-clang | 1.1.2 | 386.41 | OK | |||
r-devel-linux-x86_64-fedora-gcc | 1.1.2 | 340.74 | OK | |||
r-devel-windows-x86_64 | 1.1.2 | 143.00 | 145.00 | 288.00 | OK | |
r-patched-linux-x86_64 | 1.1.2 | 148.08 | 77.64 | 225.72 | OK | |
r-release-linux-x86_64 | 1.1.2 | 145.54 | 78.78 | 224.32 | OK | |
r-release-macos-arm64 | 1.1.2 | 82.00 | NOTE | |||
r-release-macos-x86_64 | 1.1.2 | 109.00 | OK | |||
r-release-windows-x86_64 | 1.1.2 | 132.00 | 148.00 | 280.00 | OK | |
r-oldrel-macos-arm64 | 1.1.2 | 99.00 | NOTE | |||
r-oldrel-macos-x86_64 | 1.1.2 | 152.00 | OK | |||
r-oldrel-windows-ix86+x86_64 | 1.1.2 | 436.00 | 154.00 | 590.00 | OK |
Version: 1.1.2
Check: installed package size
Result: NOTE
installed size is 5.9Mb
sub-directories of 1Mb or more:
libs 5.4Mb
Flavors: r-release-macos-arm64, r-oldrel-macos-arm64