Last updated on 2022-08-15 08:50:01 CEST.
Flavor | Version | Tinstall | Tcheck | Ttotal | Status | Flags |
---|---|---|---|---|---|---|
r-devel-linux-x86_64-debian-clang | 1.2.7 | 9.35 | 66.40 | 75.75 | NOTE | |
r-devel-linux-x86_64-debian-gcc | 1.2.7 | 8.75 | 51.39 | 60.14 | NOTE | |
r-devel-linux-x86_64-fedora-clang | 1.2.7 | 102.34 | NOTE | |||
r-devel-linux-x86_64-fedora-gcc | 1.2.7 | 98.91 | NOTE | |||
r-devel-windows-x86_64 | 1.2.7 | 22.00 | 92.00 | 114.00 | NOTE | |
r-patched-linux-x86_64 | 1.2.7 | 11.69 | 65.08 | 76.77 | OK | |
r-release-linux-x86_64 | 1.2.7 | 9.57 | 64.07 | 73.64 | OK | |
r-release-macos-arm64 | 1.2.7 | 30.00 | OK | |||
r-release-macos-x86_64 | 1.2.7 | 41.00 | OK | |||
r-release-windows-x86_64 | 1.2.7 | 27.00 | 93.00 | 120.00 | OK | |
r-oldrel-macos-arm64 | 1.2.7 | 23.00 | OK | |||
r-oldrel-macos-x86_64 | 1.2.7 | 38.00 | OK | |||
r-oldrel-windows-ix86+x86_64 | 1.2.7 | 25.00 | 105.00 | 130.00 | OK |
Version: 1.2.7
Check: Rd files
Result: NOTE
checkRd: (-1) SLD.Rd:20: Escaped LaTeX specials: \&
Flavors: r-devel-linux-x86_64-debian-clang, r-devel-linux-x86_64-debian-gcc, r-devel-linux-x86_64-fedora-clang, r-devel-linux-x86_64-fedora-gcc, r-devel-windows-x86_64
Version: 1.2.7
Check: compiled code
Result: NOTE
File ‘mixexp/libs/mixexp.so’:
Found no calls to: ‘R_registerRoutines’, ‘R_useDynamicSymbols’
It is good practice to register native routines and to disable symbol
search.
See ‘Writing portable packages’ in the ‘Writing R Extensions’ manual.
Flavors: r-devel-linux-x86_64-fedora-clang, r-devel-linux-x86_64-fedora-gcc