Last updated on 2022-08-15 08:50:01 CEST.
Flavor | Version | Tinstall | Tcheck | Ttotal | Status | Flags |
---|---|---|---|---|---|---|
r-devel-linux-x86_64-debian-clang | 1.2.0 | 30.41 | 248.09 | 278.50 | NOTE | |
r-devel-linux-x86_64-debian-gcc | 1.2.0 | 23.67 | 179.83 | 203.50 | NOTE | |
r-devel-linux-x86_64-fedora-clang | 1.2.0 | 338.91 | NOTE | |||
r-devel-linux-x86_64-fedora-gcc | 1.2.0 | 333.98 | NOTE | |||
r-devel-windows-x86_64 | 1.2.0 | 87.00 | 353.00 | 440.00 | NOTE | |
r-patched-linux-x86_64 | 1.2.0 | 25.65 | 231.76 | 257.41 | OK | |
r-release-linux-x86_64 | 1.2.0 | 23.92 | 238.47 | 262.39 | OK | |
r-release-macos-arm64 | 1.2.0 | 93.00 | OK | |||
r-release-macos-x86_64 | 1.2.0 | 131.00 | OK | |||
r-release-windows-x86_64 | 1.2.0 | 116.00 | 356.00 | 472.00 | OK | |
r-oldrel-macos-arm64 | 1.2.0 | 118.00 | OK | |||
r-oldrel-macos-x86_64 | 1.2.0 | 200.00 | OK | |||
r-oldrel-windows-ix86+x86_64 | 1.2.0 | 59.00 | 429.00 | 488.00 | OK |
Version: 1.2.0
Check: Rd files
Result: NOTE
checkRd: (-1) RTdata2.Rd:3: Escaped LaTeX specials: \#
checkRd: (-1) boot.comp.Rd:64: Escaped LaTeX specials: \&
checkRd: (-1) boot.se.Rd:31: Escaped LaTeX specials: \&
checkRd: (-1) compCDF.Rd:34: Escaped LaTeX specials: \&
checkRd: (-1) hmeEM.Rd:57: Escaped LaTeX specials: \&
checkRd: (-1) logisregmixEM.Rd:52: Escaped LaTeX specials: \&
checkRd: (-1) multmixEM.Rd:50: Escaped LaTeX specials: \&
checkRd: (-1) mvnormalmixEM.Rd:53: Escaped LaTeX specials: \&
checkRd: (-1) normalmixEM.Rd:133: Escaped LaTeX specials: \&
checkRd: (-1) normalmixEM2comp.Rd:55: Escaped LaTeX specials: \&
checkRd: (-1) poisregmixEM.Rd:50: Escaped LaTeX specials: \&
checkRd: (-1) regmixEM.Rd:67: Escaped LaTeX specials: \&
Flavors: r-devel-linux-x86_64-debian-clang, r-devel-linux-x86_64-debian-gcc, r-devel-linux-x86_64-fedora-clang, r-devel-linux-x86_64-fedora-gcc, r-devel-windows-x86_64