Last updated on 2022-08-15 08:50:01 CEST.
Flavor | Version | Tinstall | Tcheck | Ttotal | Status | Flags |
---|---|---|---|---|---|---|
r-devel-linux-x86_64-debian-clang | 1.2.0 | 10.67 | 72.49 | 83.16 | OK | |
r-devel-linux-x86_64-debian-gcc | 1.2.0 | 6.79 | 54.75 | 61.54 | OK | |
r-devel-linux-x86_64-fedora-clang | 1.2.0 | 108.11 | NOTE | |||
r-devel-linux-x86_64-fedora-gcc | 1.2.0 | 104.02 | NOTE | |||
r-devel-windows-x86_64 | 1.2.0 | 17.00 | 89.00 | 106.00 | OK | |
r-patched-linux-x86_64 | 1.2.0 | 9.08 | 68.03 | 77.11 | OK | |
r-release-linux-x86_64 | 1.2.0 | 9.23 | 68.10 | 77.33 | OK | |
r-release-macos-arm64 | 1.2.0 | 30.00 | NOTE | |||
r-release-macos-x86_64 | 1.2.0 | 50.00 | NOTE | |||
r-release-windows-x86_64 | 1.2.0 | 15.00 | 93.00 | 108.00 | OK | |
r-oldrel-macos-arm64 | 1.2.0 | 39.00 | NOTE | |||
r-oldrel-macos-x86_64 | 1.2.0 | 42.00 | NOTE | |||
r-oldrel-windows-ix86+x86_64 | 1.2.0 | 21.00 | 89.00 | 110.00 | OK |
Version: 1.2.0
Check: dependencies in R code
Result: NOTE
Namespace in Imports field not imported from: ‘RColorBrewer’
All declared Imports should be used.
Flavors: r-devel-linux-x86_64-fedora-clang, r-devel-linux-x86_64-fedora-gcc, r-release-macos-arm64, r-release-macos-x86_64, r-oldrel-macos-arm64, r-oldrel-macos-x86_64