Last updated on 2022-08-15 08:50:01 CEST.
Flavor | Version | Tinstall | Tcheck | Ttotal | Status | Flags |
---|---|---|---|---|---|---|
r-devel-linux-x86_64-debian-clang | 1.0.0 | 2.00 | 39.92 | 41.92 | NOTE | |
r-devel-linux-x86_64-debian-gcc | 1.0.0 | 1.64 | 29.12 | 30.76 | NOTE | |
r-devel-linux-x86_64-fedora-clang | 1.0.0 | 58.39 | NOTE | |||
r-devel-linux-x86_64-fedora-gcc | 1.0.0 | 56.77 | NOTE | |||
r-devel-windows-x86_64 | 1.0.0 | 10.00 | 61.00 | 71.00 | NOTE | |
r-patched-linux-x86_64 | 1.0.0 | 2.13 | 36.66 | 38.79 | OK | |
r-release-linux-x86_64 | 1.0.0 | 2.26 | 35.68 | 37.94 | OK | |
r-release-macos-arm64 | 1.0.0 | 18.00 | OK | |||
r-release-macos-x86_64 | 1.0.0 | 26.00 | OK | |||
r-release-windows-x86_64 | 1.0.0 | 10.00 | 59.00 | 69.00 | OK | |
r-oldrel-macos-arm64 | 1.0.0 | 21.00 | OK | |||
r-oldrel-macos-x86_64 | 1.0.0 | 34.00 | OK | |||
r-oldrel-windows-ix86+x86_64 | 1.0.0 | 4.00 | 61.00 | 65.00 | OK |
Version: 1.0.0
Check: package subdirectories
Result: NOTE
Problems with news in 'NEWS.md':
No news entries found.
Flavors: r-devel-linux-x86_64-debian-clang, r-devel-linux-x86_64-debian-gcc, r-devel-linux-x86_64-fedora-clang, r-devel-linux-x86_64-fedora-gcc, r-devel-windows-x86_64