Last updated on 2022-08-15 08:50:01 CEST.
Flavor | Version | Tinstall | Tcheck | Ttotal | Status | Flags |
---|---|---|---|---|---|---|
r-devel-linux-x86_64-debian-clang | 3.1.9 | 8.67 | 38.91 | 47.58 | NOTE | |
r-devel-linux-x86_64-debian-gcc | 3.1.9 | 5.70 | 30.00 | 35.70 | NOTE | |
r-devel-linux-x86_64-fedora-clang | 3.1.9 | 68.60 | NOTE | |||
r-devel-linux-x86_64-fedora-gcc | 3.1.9 | 64.67 | NOTE | |||
r-devel-windows-x86_64 | 3.1.9 | 27.00 | 83.00 | 110.00 | NOTE | |
r-patched-linux-x86_64 | 3.1.9 | 7.61 | 36.39 | 44.00 | OK | |
r-release-linux-x86_64 | 3.1.9 | 6.81 | 37.18 | 43.99 | OK | |
r-release-macos-arm64 | 3.1.9 | 24.00 | OK | |||
r-release-macos-x86_64 | 3.1.9 | 35.00 | OK | |||
r-release-windows-x86_64 | 3.1.9 | 31.00 | 84.00 | 115.00 | OK | |
r-oldrel-macos-arm64 | 3.1.9 | 28.00 | OK | |||
r-oldrel-macos-x86_64 | 3.1.9 | 32.00 | OK | |||
r-oldrel-windows-ix86+x86_64 | 3.1.9 | 18.00 | 77.00 | 95.00 | OK |
Version: 3.1.9
Check: Rd files
Result: NOTE
checkRd: (-1) gp.list.Rd:16: Escaped LaTeX specials: \#
Flavors: r-devel-linux-x86_64-debian-clang, r-devel-linux-x86_64-debian-gcc, r-devel-linux-x86_64-fedora-clang, r-devel-linux-x86_64-fedora-gcc, r-devel-windows-x86_64