Last updated on 2022-08-15 08:50:01 CEST.
Flavor | Version | Tinstall | Tcheck | Ttotal | Status | Flags |
---|---|---|---|---|---|---|
r-devel-linux-x86_64-debian-clang | 0.5.0 | 8.06 | 57.30 | 65.36 | NOTE | |
r-devel-linux-x86_64-debian-gcc | 0.5.0 | 5.83 | 41.51 | 47.34 | NOTE | |
r-devel-linux-x86_64-fedora-clang | 0.5.0 | 90.03 | NOTE | |||
r-devel-linux-x86_64-fedora-gcc | 0.5.0 | 85.96 | NOTE | |||
r-devel-windows-x86_64 | 0.5.0 | 21.00 | 86.00 | 107.00 | OK | |
r-patched-linux-x86_64 | 0.5.0 | 10.95 | 51.09 | 62.04 | NOTE | |
r-release-linux-x86_64 | 0.5.0 | 6.16 | 52.07 | 58.23 | NOTE | |
r-release-macos-arm64 | 0.5.0 | 31.00 | OK | |||
r-release-macos-x86_64 | 0.5.0 | 38.00 | OK | |||
r-release-windows-x86_64 | 0.5.0 | 32.00 | 95.00 | 127.00 | OK | |
r-oldrel-macos-arm64 | 0.5.0 | 29.00 | OK | |||
r-oldrel-macos-x86_64 | 0.5.0 | 37.00 | OK | |||
r-oldrel-windows-ix86+x86_64 | 0.5.0 | 19.00 | 102.00 | 121.00 | OK |
Version: 0.5.0
Check: package dependencies
Result: NOTE
Package suggested but not available for checking: 'mlr3proba'
Flavors: r-devel-linux-x86_64-debian-clang, r-devel-linux-x86_64-debian-gcc, r-devel-linux-x86_64-fedora-clang, r-devel-linux-x86_64-fedora-gcc, r-patched-linux-x86_64, r-release-linux-x86_64