Last updated on 2022-08-15 08:50:01 CEST.
Flavor | Version | Tinstall | Tcheck | Ttotal | Status | Flags |
---|---|---|---|---|---|---|
r-devel-linux-x86_64-debian-clang | 0.3.7-4 | 27.23 | 401.03 | 428.26 | OK | |
r-devel-linux-x86_64-debian-gcc | 0.3.7-4 | 25.54 | 287.41 | 312.95 | OK | |
r-devel-linux-x86_64-fedora-clang | 0.3.7-4 | 536.35 | OK | |||
r-devel-linux-x86_64-fedora-gcc | 0.3.7-4 | 533.27 | OK | |||
r-devel-windows-x86_64 | 0.3.7-4 | 110.00 | 441.00 | 551.00 | OK | |
r-patched-linux-x86_64 | 0.3.7-4 | 51.48 | 355.60 | 407.08 | OK | |
r-release-linux-x86_64 | 0.3.7-4 | 28.93 | 360.08 | 389.01 | OK | |
r-release-macos-arm64 | 0.3.7-4 | 126.00 | OK | |||
r-release-macos-x86_64 | 0.3.7-4 | 163.00 | OK | |||
r-release-windows-x86_64 | 0.3.7-4 | 111.00 | 439.00 | 550.00 | OK | |
r-oldrel-macos-arm64 | 0.3.7-4 | 121.00 | OK | |||
r-oldrel-macos-x86_64 | 0.3.7-4 | 180.00 | OK | |||
r-oldrel-windows-ix86+x86_64 | 0.3.7-4 | 55.00 | 452.00 | 507.00 | WARN |
Version: 0.3.7-4
Check: re-building of vignette outputs
Result: WARN
Error(s) in re-building vignettes:
--- re-building 'a_1_getting_started.Rmd' using rmarkdown
--- finished re-building 'a_1_getting_started.Rmd'
--- re-building 'a_2_mlrCPO_core.Rmd' using rmarkdown
Quitting from lines 436-437 (a_2_mlrCPO_core.Rmd)
Error: processing vignette 'a_2_mlrCPO_core.Rmd' failed with diagnostics:
For learner classif.fnn please install the following packages: FNN
--- failed re-building 'a_2_mlrCPO_core.Rmd'
--- re-building 'a_3_all_CPOs.Rmd' using rmarkdown
--- finished re-building 'a_3_all_CPOs.Rmd'
--- re-building 'a_4_custom_CPOs.Rmd' using rmarkdown
--- finished re-building 'a_4_custom_CPOs.Rmd'
--- re-building 'z_1_getting_started_terse.Rmd' using rmarkdown
--- finished re-building 'z_1_getting_started_terse.Rmd'
--- re-building 'z_2_mlrCPO_core_terse.Rmd' using rmarkdown
--- finished re-building 'z_2_mlrCPO_core_terse.Rmd'
--- re-building 'z_3_all_CPOs_terse.Rmd' using rmarkdown
--- finished re-building 'z_3_all_CPOs_terse.Rmd'
--- re-building 'z_4_custom_CPOs_terse.Rmd' using rmarkdown
--- finished re-building 'z_4_custom_CPOs_terse.Rmd'
SUMMARY: processing the following file failed:
'a_2_mlrCPO_core.Rmd'
Error: Vignette re-building failed.
Execution halted
Flavor: r-oldrel-windows-ix86+x86_64