Last updated on 2022-08-15 08:50:01 CEST.
Flavor | Version | Tinstall | Tcheck | Ttotal | Status | Flags |
---|---|---|---|---|---|---|
r-devel-linux-x86_64-debian-clang | 1.20 | 9.12 | 81.36 | 90.48 | OK | |
r-devel-linux-x86_64-debian-gcc | 1.20 | 5.60 | 60.84 | 66.44 | OK | |
r-devel-linux-x86_64-fedora-clang | 1.20 | 120.30 | NOTE | |||
r-devel-linux-x86_64-fedora-gcc | 1.20 | 118.87 | OK | |||
r-devel-windows-x86_64 | 1.20 | 18.00 | 103.00 | 121.00 | OK | |
r-patched-linux-x86_64 | 1.20 | 10.81 | 77.29 | 88.10 | OK | |
r-release-linux-x86_64 | 1.20 | 8.43 | 78.36 | 86.79 | OK | |
r-release-macos-arm64 | 1.20 | 34.00 | OK | |||
r-release-macos-x86_64 | 1.20 | 47.00 | OK | |||
r-release-windows-x86_64 | 1.20 | 17.00 | 100.00 | 117.00 | OK | |
r-oldrel-macos-arm64 | 1.20 | 39.00 | OK | |||
r-oldrel-macos-x86_64 | 1.20 | 65.00 | OK | |||
r-oldrel-windows-ix86+x86_64 | 1.20 | 18.00 | 105.00 | 123.00 | OK |
Version: 1.20
Check: Rd cross-references
Result: NOTE
Undeclared package ‘geeM’ in Rd xrefs
Flavor: r-devel-linux-x86_64-fedora-clang