Last updated on 2022-08-15 08:50:01 CEST.
Flavor | Version | Tinstall | Tcheck | Ttotal | Status | Flags |
---|---|---|---|---|---|---|
r-devel-linux-x86_64-debian-clang | 0.0.5 | 2.45 | 41.05 | 43.50 | NOTE | |
r-devel-linux-x86_64-debian-gcc | 0.0.5 | 2.20 | 30.27 | 32.47 | NOTE | |
r-devel-linux-x86_64-fedora-clang | 0.0.5 | 63.59 | NOTE | |||
r-devel-linux-x86_64-fedora-gcc | 0.0.5 | 60.69 | NOTE | |||
r-devel-windows-x86_64 | 0.0.5 | 13.00 | 71.00 | 84.00 | NOTE | |
r-patched-linux-x86_64 | 0.0.5 | 3.01 | 37.83 | 40.84 | NOTE | |
r-release-linux-x86_64 | 0.0.5 | 3.01 | 38.35 | 41.36 | NOTE | |
r-release-macos-arm64 | 0.0.5 | 24.00 | NOTE | |||
r-release-macos-x86_64 | 0.0.5 | 30.00 | NOTE | |||
r-release-windows-x86_64 | 0.0.5 | 11.00 | 75.00 | 86.00 | NOTE | |
r-oldrel-macos-arm64 | 0.0.5 | 30.00 | NOTE | |||
r-oldrel-macos-x86_64 | 0.0.5 | 36.00 | NOTE | |||
r-oldrel-windows-ix86+x86_64 | 0.0.5 | 6.00 | 64.00 | 70.00 | NOTE |
Version: 0.0.5
Check: package subdirectories
Result: NOTE
Problems with news in 'NEWS.md':
No news entries found.
Flavors: r-devel-linux-x86_64-debian-clang, r-devel-linux-x86_64-debian-gcc, r-devel-linux-x86_64-fedora-clang, r-devel-linux-x86_64-fedora-gcc, r-devel-windows-x86_64
Version: 0.0.5
Check: LazyData
Result: NOTE
'LazyData' is specified without a 'data' directory
Flavors: r-devel-linux-x86_64-debian-clang, r-devel-linux-x86_64-debian-gcc, r-devel-linux-x86_64-fedora-clang, r-devel-linux-x86_64-fedora-gcc, r-devel-windows-x86_64, r-patched-linux-x86_64, r-release-linux-x86_64, r-release-macos-arm64, r-release-macos-x86_64, r-release-windows-x86_64, r-oldrel-macos-arm64, r-oldrel-macos-x86_64, r-oldrel-windows-ix86+x86_64