Last updated on 2022-08-15 08:50:01 CEST.
Flavor | Version | Tinstall | Tcheck | Ttotal | Status | Flags |
---|---|---|---|---|---|---|
r-devel-linux-x86_64-debian-clang | 1.0.1 | 125.39 | 31.01 | 156.40 | OK | |
r-devel-linux-x86_64-debian-gcc | 1.0.1 | 113.31 | 23.70 | 137.01 | OK | |
r-devel-linux-x86_64-fedora-clang | 1.0.1 | 241.10 | OK | |||
r-devel-linux-x86_64-fedora-gcc | 1.0.1 | 229.57 | OK | |||
r-devel-windows-x86_64 | 1.0.1 | 100.00 | 83.00 | 183.00 | OK | |
r-patched-linux-x86_64 | 1.0.1 | 115.16 | 28.36 | 143.52 | OK | |
r-release-linux-x86_64 | 1.0.1 | 124.49 | 27.96 | 152.45 | OK | |
r-release-macos-arm64 | 1.0.1 | 63.00 | NOTE | |||
r-release-macos-x86_64 | 1.0.1 | 74.00 | NOTE | |||
r-release-windows-x86_64 | 1.0.1 | 115.00 | 79.00 | 194.00 | OK | |
r-oldrel-macos-arm64 | 1.0.1 | 57.00 | NOTE | |||
r-oldrel-macos-x86_64 | 1.0.1 | 74.00 | NOTE | |||
r-oldrel-windows-ix86+x86_64 | 1.0.1 | 303.00 | 94.00 | 397.00 | OK |
Version: 1.0.1
Check: installed package size
Result: NOTE
installed size is 6.9Mb
sub-directories of 1Mb or more:
libs 6.8Mb
Flavors: r-release-macos-arm64, r-release-macos-x86_64, r-oldrel-macos-arm64, r-oldrel-macos-x86_64