Last updated on 2022-08-15 08:50:01 CEST.
Flavor | Version | Tinstall | Tcheck | Ttotal | Status | Flags |
---|---|---|---|---|---|---|
r-devel-linux-x86_64-debian-clang | 1.3 | 5.34 | 64.22 | 69.56 | OK | |
r-devel-linux-x86_64-debian-gcc | 1.3 | 3.91 | 44.87 | 48.78 | OK | |
r-devel-linux-x86_64-fedora-clang | 1.3 | 90.21 | NOTE | |||
r-devel-linux-x86_64-fedora-gcc | 1.3 | 87.15 | OK | |||
r-devel-windows-x86_64 | 1.3 | 26.00 | 88.00 | 114.00 | OK | |
r-patched-linux-x86_64 | 1.3 | 5.53 | 57.00 | 62.53 | OK | |
r-release-linux-x86_64 | 1.3 | 4.45 | 57.65 | 62.10 | OK | |
r-release-macos-arm64 | 1.3 | 21.00 | OK | |||
r-release-macos-x86_64 | 1.3 | 33.00 | OK | |||
r-release-windows-x86_64 | 1.3 | 29.00 | 85.00 | 114.00 | OK | |
r-oldrel-macos-arm64 | 1.3 | 27.00 | OK | |||
r-oldrel-macos-x86_64 | 1.3 | 48.00 | OK | |||
r-oldrel-windows-ix86+x86_64 | 1.3 | 10.00 | 96.00 | 106.00 | OK |
Version: 1.3
Check: Rd cross-references
Result: NOTE
Undeclared package ‘energy’ in Rd xrefs
Flavor: r-devel-linux-x86_64-fedora-clang