Last updated on 2022-08-15 08:50:01 CEST.
Flavor | Version | Tinstall | Tcheck | Ttotal | Status | Flags |
---|---|---|---|---|---|---|
r-devel-linux-x86_64-debian-clang | 0.5 | 34.44 | 111.62 | 146.06 | OK | |
r-devel-linux-x86_64-debian-gcc | 0.5 | 30.41 | 81.31 | 111.72 | OK | |
r-devel-linux-x86_64-fedora-clang | 0.5 | 186.04 | NOTE | |||
r-devel-linux-x86_64-fedora-gcc | 0.5 | 180.84 | NOTE | |||
r-devel-windows-x86_64 | 0.5 | 45.00 | 127.00 | 172.00 | OK | |
r-patched-linux-x86_64 | 0.5 | 32.61 | 104.87 | 137.48 | OK | |
r-release-linux-x86_64 | 0.5 | 23.85 | 104.88 | 128.73 | OK | |
r-release-macos-arm64 | 0.5 | 45.00 | NOTE | |||
r-release-macos-x86_64 | 0.5 | 93.00 | NOTE | |||
r-release-windows-x86_64 | 0.5 | 82.00 | 124.00 | 206.00 | OK | |
r-oldrel-macos-arm64 | 0.5 | 59.00 | NOTE | |||
r-oldrel-macos-x86_64 | 0.5 | 93.00 | NOTE | |||
r-oldrel-windows-ix86+x86_64 | 0.5 | 64.00 | 124.00 | 188.00 | OK |
Version: 0.5
Check: package dependencies
Result: NOTE
Imports includes 22 non-default packages.
Importing from so many packages makes the package vulnerable to any of
them becoming unavailable. Move as many as possible to Suggests and
use conditionally.
Flavor: r-devel-linux-x86_64-fedora-clang
Version: 0.5
Check: dependencies in R code
Result: NOTE
Namespace in Imports field not imported from: ‘lazyeval’
All declared Imports should be used.
Flavors: r-devel-linux-x86_64-fedora-clang, r-devel-linux-x86_64-fedora-gcc, r-release-macos-arm64, r-release-macos-x86_64, r-oldrel-macos-arm64, r-oldrel-macos-x86_64