Last updated on 2022-08-15 08:50:01 CEST.
Flavor | Version | Tinstall | Tcheck | Ttotal | Status | Flags |
---|---|---|---|---|---|---|
r-devel-linux-x86_64-debian-clang | 1.1.1.0 | 15.17 | 211.06 | 226.23 | NOTE | |
r-devel-linux-x86_64-debian-gcc | 1.1.1.0 | 13.31 | 160.35 | 173.66 | NOTE | |
r-devel-linux-x86_64-fedora-clang | 1.1.1.0 | 279.33 | NOTE | |||
r-devel-linux-x86_64-fedora-gcc | 1.1.1.0 | 291.13 | NOTE | |||
r-devel-windows-x86_64 | 1.1.1.0 | 21.00 | 237.00 | 258.00 | NOTE | |
r-patched-linux-x86_64 | 1.1.1.0 | 19.14 | 201.22 | 220.36 | NOTE | |
r-release-linux-x86_64 | 1.1.1.0 | 10.86 | 201.44 | 212.30 | NOTE | |
r-release-macos-arm64 | 1.1.1.0 | 88.00 | NOTE | |||
r-release-macos-x86_64 | 1.1.1.0 | 134.00 | NOTE | |||
r-release-windows-x86_64 | 1.1.1.0 | 24.00 | 228.00 | 252.00 | NOTE | |
r-oldrel-macos-arm64 | 1.1.1.0 | 96.00 | NOTE | |||
r-oldrel-macos-x86_64 | 1.1.1.0 | 132.00 | NOTE | |||
r-oldrel-windows-ix86+x86_64 | 1.1.1.0 | 35.00 | 242.00 | 277.00 | NOTE |
Version: 1.1.1.0
Check: LazyData
Result: NOTE
'LazyData' is specified without a 'data' directory
Flavors: r-devel-linux-x86_64-debian-clang, r-devel-linux-x86_64-debian-gcc, r-devel-linux-x86_64-fedora-clang, r-devel-linux-x86_64-fedora-gcc, r-devel-windows-x86_64, r-patched-linux-x86_64, r-release-linux-x86_64, r-release-macos-arm64, r-release-macos-x86_64, r-release-windows-x86_64, r-oldrel-macos-arm64, r-oldrel-macos-x86_64, r-oldrel-windows-ix86+x86_64
Version: 1.1.1.0
Check: dependencies in R code
Result: NOTE
Namespaces in Imports field not imported from:
‘ggplot2’ ‘lattice’
All declared Imports should be used.
Flavors: r-devel-linux-x86_64-fedora-clang, r-devel-linux-x86_64-fedora-gcc, r-release-macos-arm64, r-release-macos-x86_64, r-oldrel-macos-arm64, r-oldrel-macos-x86_64