Last updated on 2022-08-15 08:50:01 CEST.
Flavor | Version | Tinstall | Tcheck | Ttotal | Status | Flags |
---|---|---|---|---|---|---|
r-devel-linux-x86_64-debian-clang | 1.0.0 | 1.95 | 35.06 | 37.01 | OK | |
r-devel-linux-x86_64-debian-gcc | 1.0.0 | 1.81 | 26.41 | 28.22 | OK | |
r-devel-linux-x86_64-fedora-clang | 1.0.0 | 54.69 | NOTE | |||
r-devel-linux-x86_64-fedora-gcc | 1.0.0 | 52.71 | NOTE | |||
r-devel-windows-x86_64 | 1.0.0 | 11.00 | 60.00 | 71.00 | OK | |
r-patched-linux-x86_64 | 1.0.0 | 1.54 | 32.72 | 34.26 | OK | |
r-release-linux-x86_64 | 1.0.0 | 1.54 | 33.72 | 35.26 | OK | |
r-release-macos-arm64 | 1.0.0 | 17.00 | NOTE | |||
r-release-macos-x86_64 | 1.0.0 | 32.00 | NOTE | |||
r-release-windows-x86_64 | 1.0.0 | 18.00 | 60.00 | 78.00 | OK | |
r-oldrel-macos-arm64 | 1.0.0 | 19.00 | NOTE | |||
r-oldrel-macos-x86_64 | 1.0.0 | 31.00 | NOTE | |||
r-oldrel-windows-ix86+x86_64 | 1.0.0 | 7.00 | 55.00 | 62.00 | OK |
Version: 1.0.0
Check: dependencies in R code
Result: NOTE
Namespace in Imports field not imported from: ‘utils’
All declared Imports should be used.
Flavors: r-devel-linux-x86_64-fedora-clang, r-devel-linux-x86_64-fedora-gcc, r-release-macos-arm64, r-release-macos-x86_64, r-oldrel-macos-arm64, r-oldrel-macos-x86_64