Last updated on 2022-08-15 08:50:01 CEST.
Flavor | Version | Tinstall | Tcheck | Ttotal | Status | Flags |
---|---|---|---|---|---|---|
r-devel-linux-x86_64-debian-clang | 0.1.4 | 3.52 | 41.76 | 45.28 | OK | |
r-devel-linux-x86_64-debian-gcc | 0.1.4 | 2.70 | 32.66 | 35.36 | OK | |
r-devel-linux-x86_64-fedora-clang | 0.1.4 | 64.79 | OK | |||
r-devel-linux-x86_64-fedora-gcc | 0.1.4 | 61.88 | OK | |||
r-devel-windows-x86_64 | 0.1.4 | 22.00 | 73.00 | 95.00 | OK | |
r-patched-linux-x86_64 | 0.1.4 | 9.04 | 38.55 | 47.59 | OK | |
r-release-linux-x86_64 | 0.1.4 | 2.23 | 38.90 | 41.13 | OK | |
r-release-macos-arm64 | 0.1.4 | 20.00 | OK | |||
r-release-macos-x86_64 | 0.1.4 | 33.00 | OK | |||
r-release-windows-x86_64 | 0.1.4 | 33.00 | 72.00 | 105.00 | OK | |
r-oldrel-macos-arm64 | 0.1.4 | 25.00 | OK | |||
r-oldrel-macos-x86_64 | 0.1.4 | 33.00 | OK | |||
r-oldrel-windows-ix86+x86_64 | 0.1.4 | 9.00 | 10.00 | 19.00 | ERROR |
Version: 0.1.4
Check: whether package can be installed
Result: ERROR
Installation failed.
Flavor: r-oldrel-windows-ix86+x86_64