Last updated on 2022-08-15 08:50:01 CEST.
Flavor | Version | Tinstall | Tcheck | Ttotal | Status | Flags |
---|---|---|---|---|---|---|
r-devel-linux-x86_64-debian-clang | 1.0.1 | 31.27 | 547.33 | 578.60 | OK | |
r-devel-linux-x86_64-debian-gcc | 1.0.1 | 30.13 | 389.19 | 419.32 | OK | |
r-devel-linux-x86_64-fedora-clang | 1.0.1 | 644.89 | NOTE | |||
r-devel-linux-x86_64-fedora-gcc | 1.0.1 | 684.23 | NOTE | |||
r-devel-windows-x86_64 | 1.0.1 | 154.00 | 519.00 | 673.00 | OK | |
r-patched-linux-x86_64 | 1.0.1 | 36.54 | 481.54 | 518.08 | OK | |
r-release-linux-x86_64 | 1.0.1 | 31.69 | 484.49 | 516.18 | OK | |
r-release-macos-arm64 | 1.0.1 | 148.00 | NOTE | |||
r-release-macos-x86_64 | 1.0.1 | 211.00 | NOTE | |||
r-release-windows-x86_64 | 1.0.1 | 220.00 | 501.00 | 721.00 | OK | |
r-oldrel-macos-arm64 | 1.0.1 | 143.00 | NOTE | |||
r-oldrel-macos-x86_64 | 1.0.1 | 209.00 | NOTE | |||
r-oldrel-windows-ix86+x86_64 | 1.0.1 | 76.00 | 546.00 | 622.00 | OK |
Version: 1.0.1
Check: dependencies in R code
Result: NOTE
Namespace in Imports field not imported from: ‘parsnip’
All declared Imports should be used.
Flavors: r-devel-linux-x86_64-fedora-clang, r-devel-linux-x86_64-fedora-gcc, r-release-macos-arm64, r-release-macos-x86_64, r-oldrel-macos-arm64, r-oldrel-macos-x86_64