Last updated on 2022-08-15 08:50:01 CEST.
Flavor | Version | Tinstall | Tcheck | Ttotal | Status | Flags |
---|---|---|---|---|---|---|
r-devel-linux-x86_64-debian-clang | 2.0.3 | 43.38 | 160.30 | 203.68 | OK | |
r-devel-linux-x86_64-debian-gcc | 2.0.3 | 36.74 | 114.87 | 151.61 | OK | |
r-devel-linux-x86_64-fedora-clang | 2.0.3 | 246.19 | OK | |||
r-devel-linux-x86_64-fedora-gcc | 2.0.3 | 253.15 | OK | |||
r-devel-windows-x86_64 | 2.0.3 | 61.00 | 228.00 | 289.00 | OK | |
r-patched-linux-x86_64 | 2.0.3 | 35.04 | 147.99 | 183.03 | OK | |
r-release-linux-x86_64 | 2.0.3 | 37.63 | 149.15 | 186.78 | OK | |
r-release-macos-arm64 | 2.0.3 | 77.00 | NOTE | |||
r-release-macos-x86_64 | 2.0.3 | 125.00 | NOTE | |||
r-release-windows-x86_64 | 2.0.3 | 73.00 | 234.00 | 307.00 | OK | |
r-oldrel-macos-arm64 | 2.0.3 | 102.00 | NOTE | |||
r-oldrel-macos-x86_64 | 2.0.3 | 86.00 | NOTE | |||
r-oldrel-windows-ix86+x86_64 | 2.0.3 | 97.00 | 246.00 | 343.00 | NOTE |
Version: 2.0.3
Check: installed package size
Result: NOTE
installed size is 5.5Mb
sub-directories of 1Mb or more:
extdata 1.6Mb
libs 2.7Mb
Flavors: r-release-macos-arm64, r-release-macos-x86_64, r-oldrel-macos-arm64, r-oldrel-macos-x86_64, r-oldrel-windows-ix86+x86_64