Last updated on 2022-08-15 08:50:01 CEST.
Flavor | Version | Tinstall | Tcheck | Ttotal | Status | Flags |
---|---|---|---|---|---|---|
r-devel-linux-x86_64-debian-clang | 0.1.5 | 2.01 | 21.60 | 23.61 | NOTE | |
r-devel-linux-x86_64-debian-gcc | 0.1.5 | 1.81 | 17.05 | 18.86 | NOTE | |
r-devel-linux-x86_64-fedora-clang | 0.1.5 | 40.44 | NOTE | |||
r-devel-linux-x86_64-fedora-gcc | 0.1.5 | 38.61 | NOTE | |||
r-devel-windows-x86_64 | 0.1.5 | 18.00 | 41.00 | 59.00 | NOTE | |
r-patched-linux-x86_64 | 0.1.5 | 2.12 | 21.05 | 23.17 | NOTE | |
r-release-linux-x86_64 | 0.1.5 | 1.73 | 21.05 | 22.78 | NOTE | |
r-release-macos-arm64 | 0.1.5 | 13.00 | NOTE | |||
r-release-macos-x86_64 | 0.1.5 | 20.00 | NOTE | |||
r-release-windows-x86_64 | 0.1.5 | 6.00 | 42.00 | 48.00 | NOTE | |
r-oldrel-macos-arm64 | 0.1.5 | 18.00 | NOTE | |||
r-oldrel-macos-x86_64 | 0.1.5 | 25.00 | NOTE | |||
r-oldrel-windows-ix86+x86_64 | 0.1.5 | 5.00 | 26.00 | 31.00 | NOTE |
Version: 0.1.5
Check: LazyData
Result: NOTE
'LazyData' is specified without a 'data' directory
Flavors: r-devel-linux-x86_64-debian-clang, r-devel-linux-x86_64-debian-gcc, r-devel-linux-x86_64-fedora-clang, r-devel-linux-x86_64-fedora-gcc, r-devel-windows-x86_64, r-patched-linux-x86_64, r-release-linux-x86_64, r-release-macos-arm64, r-release-macos-x86_64, r-release-windows-x86_64, r-oldrel-macos-arm64, r-oldrel-macos-x86_64, r-oldrel-windows-ix86+x86_64