Last updated on 2022-08-15 08:50:01 CEST.
Flavor | Version | Tinstall | Tcheck | Ttotal | Status | Flags |
---|---|---|---|---|---|---|
r-devel-linux-x86_64-debian-clang | 1.5.4 | 134.53 | 332.68 | 467.21 | OK | |
r-devel-linux-x86_64-debian-gcc | 1.5.4 | 111.57 | 239.29 | 350.86 | OK | |
r-devel-linux-x86_64-fedora-clang | 1.5.4 | 579.47 | OK | |||
r-devel-linux-x86_64-fedora-gcc | 1.5.4 | 578.34 | OK | |||
r-devel-windows-x86_64 | 1.5.4 | 220.00 | 359.00 | 579.00 | OK | |
r-patched-linux-x86_64 | 1.5.4 | 126.08 | 306.21 | 432.29 | OK | |
r-release-linux-x86_64 | 1.5.4 | 115.37 | 308.86 | 424.23 | OK | |
r-release-macos-arm64 | 1.5.4 | 213.00 | NOTE | |||
r-release-macos-x86_64 | 1.5.4 | 261.00 | NOTE | |||
r-release-windows-x86_64 | 1.5.4 | 216.00 | 350.00 | 566.00 | OK | |
r-oldrel-macos-arm64 | 1.5.4 | 226.00 | NOTE | |||
r-oldrel-macos-x86_64 | 1.5.4 | 194.00 | NOTE | |||
r-oldrel-windows-ix86+x86_64 | 1.5.4 | 292.00 | 452.00 | 744.00 | NOTE |
Version: 1.5.4
Check: installed package size
Result: NOTE
installed size is 9.1Mb
sub-directories of 1Mb or more:
R 2.0Mb
doc 1.7Mb
libs 4.6Mb
Flavors: r-release-macos-arm64, r-release-macos-x86_64, r-oldrel-macos-arm64, r-oldrel-macos-x86_64, r-oldrel-windows-ix86+x86_64