Last updated on 2022-08-15 08:50:01 CEST.
Flavor | Version | Tinstall | Tcheck | Ttotal | Status | Flags |
---|---|---|---|---|---|---|
r-devel-linux-x86_64-debian-clang | 1.1 | 5.58 | 47.22 | 52.80 | OK | |
r-devel-linux-x86_64-debian-gcc | 1.1 | 3.47 | 35.77 | 39.24 | OK | |
r-devel-linux-x86_64-fedora-clang | 1.1 | 72.09 | NOTE | |||
r-devel-linux-x86_64-fedora-gcc | 1.1 | 69.52 | OK | |||
r-devel-windows-x86_64 | 1.1 | 24.00 | 69.00 | 93.00 | NOTE | |
r-patched-linux-x86_64 | 1.1 | 5.22 | 44.42 | 49.64 | OK | |
r-release-linux-x86_64 | 1.1 | 3.10 | 44.74 | 47.84 | OK | |
r-release-macos-arm64 | 1.1 | 22.00 | NOTE | |||
r-release-macos-x86_64 | 1.1 | 39.00 | NOTE | |||
r-release-windows-x86_64 | 1.1 | 20.00 | 70.00 | 90.00 | NOTE | |
r-oldrel-macos-arm64 | 1.1 | 26.00 | NOTE | |||
r-oldrel-macos-x86_64 | 1.1 | 43.00 | NOTE | |||
r-oldrel-windows-ix86+x86_64 | 1.1 | 10.00 | 66.00 | 76.00 | NOTE |
Version: 1.1
Check: installed package size
Result: NOTE
installed size is 7.3Mb
sub-directories of 1Mb or more:
data 2.1Mb
Flavors: r-devel-linux-x86_64-fedora-clang, r-devel-windows-x86_64, r-release-macos-arm64, r-release-macos-x86_64, r-release-windows-x86_64, r-oldrel-macos-arm64, r-oldrel-macos-x86_64, r-oldrel-windows-ix86+x86_64