Last updated on 2022-08-15 08:50:01 CEST.
Flavor | Version | Tinstall | Tcheck | Ttotal | Status | Flags |
---|---|---|---|---|---|---|
r-devel-linux-x86_64-debian-clang | 1.0.7 | 15.51 | 127.57 | 143.08 | OK | |
r-devel-linux-x86_64-debian-gcc | 1.0.7 | 9.96 | 93.78 | 103.74 | OK | |
r-devel-linux-x86_64-fedora-clang | 1.0.7 | 176.63 | NOTE | |||
r-devel-linux-x86_64-fedora-gcc | 1.0.7 | 171.11 | OK | |||
r-devel-windows-x86_64 | 1.0.7 | 29.00 | 158.00 | 187.00 | OK | |
r-patched-linux-x86_64 | 1.0.7 | 11.32 | 118.86 | 130.18 | OK | |
r-release-linux-x86_64 | 1.0.7 | 10.48 | 121.27 | 131.75 | OK | |
r-release-macos-arm64 | 1.0.7 | 52.00 | OK | |||
r-release-macos-x86_64 | 1.0.7 | 74.00 | OK | |||
r-release-windows-x86_64 | 1.0.7 | 39.00 | 159.00 | 198.00 | OK | |
r-oldrel-macos-arm64 | 1.0.7 | 68.00 | NOTE | |||
r-oldrel-macos-x86_64 | 1.0.7 | 109.00 | OK | |||
r-oldrel-windows-ix86+x86_64 | 1.0.7 | 25.00 | 155.00 | 180.00 | OK |
Version: 1.0.7
Check: Rd cross-references
Result: NOTE
Undeclared package ‘seewave’ in Rd xrefs
Flavor: r-devel-linux-x86_64-fedora-clang
Version: 1.0.7
Check: package dependencies
Result: NOTE
Package suggested but not available for checking: ‘RODBC’
Flavor: r-oldrel-macos-arm64
Version: 1.0.7
Check: Rd cross-references
Result: NOTE
Package unavailable to check Rd xrefs: ‘RODBC’
Flavor: r-oldrel-macos-arm64