Last updated on 2022-08-15 08:50:01 CEST.
Flavor | Version | Tinstall | Tcheck | Ttotal | Status | Flags |
---|---|---|---|---|---|---|
r-devel-linux-x86_64-debian-clang | 1.9-15 | 14.20 | 59.17 | 73.37 | NOTE | |
r-devel-linux-x86_64-debian-gcc | 1.9-15 | 11.09 | 44.83 | 55.92 | NOTE | |
r-devel-linux-x86_64-fedora-clang | 1.9-15 | 101.85 | NOTE | |||
r-devel-linux-x86_64-fedora-gcc | 1.9-15 | 96.46 | NOTE | |||
r-devel-windows-x86_64 | 1.9-15 | 38.00 | 87.00 | 125.00 | NOTE | |
r-patched-linux-x86_64 | 1.9-15 | 13.68 | 57.11 | 70.79 | OK | |
r-release-linux-x86_64 | 1.9-15 | 14.36 | 57.14 | 71.50 | OK | |
r-release-macos-arm64 | 1.9-15 | 36.00 | OK | |||
r-release-macos-x86_64 | 1.9-15 | 41.00 | OK | |||
r-release-windows-x86_64 | 1.9-15 | 39.00 | 94.00 | 133.00 | OK | |
r-oldrel-macos-arm64 | 1.9-15 | 27.00 | OK | |||
r-oldrel-macos-x86_64 | 1.9-15 | 41.00 | OK | |||
r-oldrel-windows-ix86+x86_64 | 1.9-15 | 38.00 | 103.00 | 141.00 | OK |
Version: 1.9-15
Check: Rd files
Result: NOTE
checkRd: (-1) bmonomvn.Rd:64: Escaped LaTeX specials: \&
checkRd: (-1) bmonomvn.Rd:149: Escaped LaTeX specials: \&
checkRd: (-1) returns.Rd:31: Escaped LaTeX specials: \$
checkRd: (-1) returns.Rd:37: Escaped LaTeX specials: \&
Flavors: r-devel-linux-x86_64-debian-clang, r-devel-linux-x86_64-debian-gcc, r-devel-linux-x86_64-fedora-clang, r-devel-linux-x86_64-fedora-gcc, r-devel-windows-x86_64