Last updated on 2022-08-15 08:50:01 CEST.
Flavor | Version | Tinstall | Tcheck | Ttotal | Status | Flags |
---|---|---|---|---|---|---|
r-devel-linux-x86_64-debian-clang | 0.1.0 | 1.82 | 20.75 | 22.57 | OK | |
r-devel-linux-x86_64-debian-gcc | 0.1.0 | 1.70 | 15.97 | 17.67 | OK | |
r-devel-linux-x86_64-fedora-clang | 0.1.0 | 38.61 | NOTE | |||
r-devel-linux-x86_64-fedora-gcc | 0.1.0 | 37.25 | NOTE | |||
r-devel-windows-x86_64 | 0.1.0 | 14.00 | 47.00 | 61.00 | OK | |
r-patched-linux-x86_64 | 0.1.0 | 2.44 | 19.60 | 22.04 | OK | |
r-release-linux-x86_64 | 0.1.0 | 1.74 | 19.90 | 21.64 | OK | |
r-release-macos-arm64 | 0.1.0 | 15.00 | NOTE | |||
r-release-macos-x86_64 | 0.1.0 | 19.00 | NOTE | |||
r-release-windows-x86_64 | 0.1.0 | 12.00 | 47.00 | 59.00 | OK | |
r-oldrel-macos-arm64 | 0.1.0 | 19.00 | NOTE | |||
r-oldrel-macos-x86_64 | 0.1.0 | 26.00 | NOTE | |||
r-oldrel-windows-ix86+x86_64 | 0.1.0 | 6.00 | 38.00 | 44.00 | OK |
Version: 0.1.0
Check: data for non-ASCII characters
Result: NOTE
Note: found 13 marked UTF-8 strings
Flavors: r-devel-linux-x86_64-fedora-clang, r-devel-linux-x86_64-fedora-gcc, r-release-macos-arm64, r-release-macos-x86_64, r-oldrel-macos-arm64, r-oldrel-macos-x86_64