Last updated on 2022-08-15 08:50:01 CEST.
Flavor | Version | Tinstall | Tcheck | Ttotal | Status | Flags |
---|---|---|---|---|---|---|
r-devel-linux-x86_64-debian-clang | 1.2.6 | 37.93 | 45.00 | 82.93 | WARN | |
r-devel-linux-x86_64-debian-gcc | 1.2.6 | 33.22 | 34.86 | 68.08 | OK | |
r-devel-linux-x86_64-fedora-clang | 1.2.6 | 125.47 | WARN | |||
r-devel-linux-x86_64-fedora-gcc | 1.2.6 | 114.29 | OK | |||
r-devel-windows-x86_64 | 1.2.6 | 51.00 | 95.00 | 146.00 | OK | |
r-patched-linux-x86_64 | 1.2.6 | 39.91 | 44.70 | 84.61 | OK | |
r-release-linux-x86_64 | 1.2.6 | 30.17 | 44.98 | 75.15 | OK | |
r-release-macos-arm64 | 1.2.6 | 39.00 | OK | |||
r-release-macos-x86_64 | 1.2.6 | 51.00 | OK | |||
r-release-windows-x86_64 | 1.2.6 | 54.00 | 89.00 | 143.00 | OK | |
r-oldrel-macos-arm64 | 1.2.6 | 58.00 | OK | |||
r-oldrel-macos-x86_64 | 1.2.6 | 51.00 | OK | |||
r-oldrel-windows-ix86+x86_64 | 1.2.6 | 94.00 | 105.00 | 199.00 | OK |
Version: 1.2.6
Check: whether package can be installed
Result: WARN
Found the following significant warnings:
exhaust_bic.cpp:269:6: warning: use of bitwise '&' with boolean operands [-Wbitwise-instead-of-logical]
exhaust_bic.cpp:290:9: warning: use of bitwise '&' with boolean operands [-Wbitwise-instead-of-logical]
Flavors: r-devel-linux-x86_64-debian-clang, r-devel-linux-x86_64-fedora-clang