Last updated on 2022-08-15 08:50:01 CEST.
Flavor | Version | Tinstall | Tcheck | Ttotal | Status | Flags |
---|---|---|---|---|---|---|
r-devel-linux-x86_64-debian-clang | 1.0.6 | 9.69 | 86.60 | 96.29 | OK | |
r-devel-linux-x86_64-debian-gcc | 1.0.6 | 7.11 | 65.37 | 72.48 | OK | |
r-devel-linux-x86_64-fedora-clang | 1.0.6 | 123.43 | OK | |||
r-devel-linux-x86_64-fedora-gcc | 1.0.6 | 117.69 | OK | |||
r-devel-windows-x86_64 | 1.0.6 | 18.00 | 115.00 | 133.00 | OK | |
r-patched-linux-x86_64 | 1.0.6 | 10.07 | 80.94 | 91.01 | OK | |
r-release-linux-x86_64 | 1.0.6 | 7.50 | 81.64 | 89.14 | OK | |
r-release-macos-arm64 | 1.0.6 | 37.00 | OK | |||
r-release-macos-x86_64 | 1.0.6 | 59.00 | NOTE | |||
r-release-windows-x86_64 | 1.0.6 | 15.00 | 122.00 | 137.00 | OK | |
r-oldrel-macos-arm64 | 1.0.6 | 34.00 | OK | |||
r-oldrel-macos-x86_64 | 1.0.6 | 50.00 | OK | |||
r-oldrel-windows-ix86+x86_64 | 1.0.6 | 20.00 | 120.00 | 140.00 | OK |
Version: 1.0.6
Check: package dependencies
Result: NOTE
Package suggested but not available for checking: ‘glmulti’
Flavor: r-release-macos-x86_64