Last updated on 2022-08-15 08:50:01 CEST.
Flavor | Version | Tinstall | Tcheck | Ttotal | Status | Flags |
---|---|---|---|---|---|---|
r-devel-linux-x86_64-debian-clang | 2.16.11 | 7.12 | 55.74 | 62.86 | NOTE | |
r-devel-linux-x86_64-debian-gcc | 2.16.11 | 5.74 | 42.76 | 48.50 | NOTE | |
r-devel-linux-x86_64-fedora-clang | 2.16.11 | 87.77 | NOTE | |||
r-devel-linux-x86_64-fedora-gcc | 2.16.11 | 83.87 | NOTE | |||
r-devel-windows-x86_64 | 2.16.11 | 24.00 | 95.00 | 119.00 | NOTE | |
r-patched-linux-x86_64 | 2.16.11 | 8.41 | 53.74 | 62.15 | OK | |
r-release-linux-x86_64 | 2.16.11 | 7.33 | 53.46 | 60.79 | OK | |
r-release-macos-arm64 | 2.16.11 | 30.00 | OK | |||
r-release-macos-x86_64 | 2.16.11 | 42.00 | OK | |||
r-release-windows-x86_64 | 2.16.11 | 31.00 | 92.00 | 123.00 | OK | |
r-oldrel-macos-arm64 | 2.16.11 | 39.00 | OK | |||
r-oldrel-macos-x86_64 | 2.16.11 | 57.00 | OK | |||
r-oldrel-windows-ix86+x86_64 | 2.16.11 | 18.00 | 94.00 | 112.00 | OK |
Version: 2.16.11
Check: Rd files
Result: NOTE
checkRd: (-1) F.huggins.estim.Rd:199: Escaped LaTeX specials: \$ \$
checkRd: (-1) F.huggins.estim.Rd:205: Escaped LaTeX specials: \$
checkRd: (-1) F.huggins.estim.Rd:206: Escaped LaTeX specials: \$
checkRd: (-1) F.huggins.estim.Rd:207: Escaped LaTeX specials: \$
checkRd: (-1) F.huggins.estim.Rd:208: Escaped LaTeX specials: \$
checkRd: (-1) F.huggins.estim.Rd:209: Escaped LaTeX specials: \$
checkRd: (-1) F.huggins.estim.Rd:210: Escaped LaTeX specials: \$
checkRd: (-1) F.huggins.estim.Rd:212: Escaped LaTeX specials: \$
checkRd: (-1) F.huggins.estim.Rd:213: Escaped LaTeX specials: \$
checkRd: (-1) F.huggins.estim.Rd:214: Escaped LaTeX specials: \$
checkRd: (-1) F.huggins.estim.Rd:215: Escaped LaTeX specials: \$
checkRd: (-1) lines.cjs.Rd:15: Escaped LaTeX specials: \$
Flavors: r-devel-linux-x86_64-debian-clang, r-devel-linux-x86_64-debian-gcc, r-devel-linux-x86_64-fedora-clang, r-devel-linux-x86_64-fedora-gcc, r-devel-windows-x86_64