Last updated on 2022-08-15 08:50:01 CEST.
Flavor | Version | Tinstall | Tcheck | Ttotal | Status | Flags |
---|---|---|---|---|---|---|
r-devel-linux-x86_64-debian-clang | 0.5.1 | 523.63 | 137.89 | 661.52 | NOTE | |
r-devel-linux-x86_64-debian-gcc | 0.5.1 | 497.00 | 126.11 | 623.11 | NOTE | |
r-devel-linux-x86_64-fedora-clang | 0.5.1 | 834.62 | NOTE | |||
r-devel-linux-x86_64-fedora-gcc | 0.5.1 | 1055.10 | NOTE | |||
r-devel-windows-x86_64 | 0.5.1 | 706.00 | 223.00 | 929.00 | NOTE | |
r-patched-linux-x86_64 | 0.5.1 | 0.02 | 3.57 | 3.59 | ERROR | |
r-release-linux-x86_64 | 0.5.1 | 0.02 | 3.55 | 3.57 | ERROR | |
r-release-macos-arm64 | 0.5.1 | 243.00 | NOTE | |||
r-release-macos-x86_64 | 0.5.1 | 382.00 | NOTE | |||
r-release-windows-x86_64 | 0.5.1 | 365.00 | 218.00 | 583.00 | NOTE | |
r-oldrel-macos-arm64 | 0.5.1 | 235.00 | NOTE | |||
r-oldrel-macos-x86_64 | 0.5.1 | 288.00 | NOTE | |||
r-oldrel-windows-ix86+x86_64 | 0.5.1 | 1201.00 | 281.00 | 1482.00 | NOTE |
Version: 0.5.1
Check: for GNU extensions in Makefiles
Result: NOTE
GNU make is a SystemRequirements.
Flavors: r-devel-linux-x86_64-debian-clang, r-devel-linux-x86_64-debian-gcc, r-devel-linux-x86_64-fedora-clang, r-devel-linux-x86_64-fedora-gcc, r-devel-windows-x86_64, r-release-macos-arm64, r-release-macos-x86_64, r-release-windows-x86_64, r-oldrel-macos-arm64, r-oldrel-macos-x86_64, r-oldrel-windows-ix86+x86_64
Version: 0.5.1
Check: installed package size
Result: NOTE
installed size is 5.7Mb
sub-directories of 1Mb or more:
libs 5.3Mb
Flavors: r-devel-linux-x86_64-fedora-clang, r-release-macos-arm64, r-release-macos-x86_64, r-oldrel-macos-arm64, r-oldrel-macos-x86_64, r-oldrel-windows-ix86+x86_64
Version: 0.5.1
Check: dependencies in R code
Result: NOTE
Namespace in Imports field not imported from: ‘rstantools’
All declared Imports should be used.
Flavors: r-devel-linux-x86_64-fedora-clang, r-devel-linux-x86_64-fedora-gcc, r-release-macos-arm64, r-release-macos-x86_64, r-oldrel-macos-arm64, r-oldrel-macos-x86_64
Version: 0.5.1
Check: whether package can be installed
Result: ERROR
Installation failed.
Flavors: r-patched-linux-x86_64, r-release-linux-x86_64
Version: 0.5.1
Check: package dependencies
Result: NOTE
Package suggested but not available for checking: ‘rjags’
Flavor: r-release-macos-x86_64
Version: 0.5.1
Check: Rd cross-references
Result: NOTE
Package unavailable to check Rd xrefs: ‘rjags’
Flavor: r-release-macos-x86_64