Last updated on 2022-08-15 08:50:01 CEST.
Flavor | Version | Tinstall | Tcheck | Ttotal | Status | Flags |
---|---|---|---|---|---|---|
r-devel-linux-x86_64-debian-clang | 1.0.13 | 93.66 | 130.81 | 224.47 | OK | |
r-devel-linux-x86_64-debian-gcc | 1.0.13 | 76.58 | 97.29 | 173.87 | OK | |
r-devel-linux-x86_64-fedora-clang | 1.0.13 | 292.63 | OK | |||
r-devel-linux-x86_64-fedora-gcc | 1.0.13 | 277.04 | OK | |||
r-devel-windows-x86_64 | 1.0.13 | 94.00 | 173.00 | 267.00 | OK | |
r-patched-linux-x86_64 | 1.0.13 | 77.39 | 123.14 | 200.53 | OK | |
r-release-linux-x86_64 | 1.0.13 | 81.77 | 122.39 | 204.16 | OK | |
r-release-macos-arm64 | 1.0.13 | 84.00 | NOTE | |||
r-release-macos-x86_64 | 1.0.13 | 136.00 | NOTE | |||
r-release-windows-x86_64 | 1.0.13 | 98.00 | 170.00 | 268.00 | OK | |
r-oldrel-macos-arm64 | 1.0.13 | 97.00 | NOTE | |||
r-oldrel-macos-x86_64 | 1.0.13 | 146.00 | NOTE | |||
r-oldrel-windows-ix86+x86_64 | 1.0.13 | 216.00 | 244.00 | 460.00 | NOTE |
Version: 1.0.13
Check: installed package size
Result: NOTE
installed size is 15.8Mb
sub-directories of 1Mb or more:
data 1.6Mb
libs 13.8Mb
Flavors: r-release-macos-arm64, r-release-macos-x86_64, r-oldrel-macos-arm64, r-oldrel-macos-x86_64, r-oldrel-windows-ix86+x86_64