Last updated on 2022-08-15 08:50:01 CEST.
Flavor | Version | Tinstall | Tcheck | Ttotal | Status | Flags |
---|---|---|---|---|---|---|
r-devel-linux-x86_64-debian-clang | 0.2.1 | 7.50 | 124.32 | 131.82 | OK | |
r-devel-linux-x86_64-debian-gcc | 0.2.1 | 6.22 | 89.97 | 96.19 | OK | |
r-devel-linux-x86_64-fedora-clang | 0.2.1 | 163.14 | NOTE | |||
r-devel-linux-x86_64-fedora-gcc | 0.2.1 | 158.41 | OK | |||
r-devel-windows-x86_64 | 0.2.1 | 73.00 | 158.00 | 231.00 | OK | |
r-patched-linux-x86_64 | 0.2.1 | 11.03 | 113.14 | 124.17 | OK | |
r-release-linux-x86_64 | 0.2.1 | 5.46 | 112.00 | 117.46 | OK | |
r-release-macos-arm64 | 0.2.1 | 48.00 | OK | |||
r-release-macos-x86_64 | 0.2.1 | 91.00 | OK | |||
r-release-windows-x86_64 | 0.2.1 | 12.00 | 160.00 | 172.00 | OK | |
r-oldrel-macos-arm64 | 0.2.1 | 46.00 | OK | |||
r-oldrel-macos-x86_64 | 0.2.1 | 63.00 | OK | |||
r-oldrel-windows-ix86+x86_64 | 0.2.1 | 19.00 | 154.00 | 173.00 | OK |
Version: 0.2.1
Check: Rd cross-references
Result: NOTE
Undeclared package ‘processx’ in Rd xrefs
Flavor: r-devel-linux-x86_64-fedora-clang