Last updated on 2022-08-15 08:50:01 CEST.
Flavor | Version | Tinstall | Tcheck | Ttotal | Status | Flags |
---|---|---|---|---|---|---|
r-devel-linux-x86_64-debian-clang | 0.5-2 | 11.76 | 77.46 | 89.22 | NOTE | |
r-devel-linux-x86_64-debian-gcc | 0.5-2 | 8.59 | 58.45 | 67.04 | NOTE | |
r-devel-linux-x86_64-fedora-clang | 0.5-2 | 118.89 | NOTE | |||
r-devel-linux-x86_64-fedora-gcc | 0.5-2 | 123.42 | NOTE | |||
r-devel-windows-x86_64 | 0.5-2 | 29.00 | 101.00 | 130.00 | NOTE | |
r-patched-linux-x86_64 | 0.5-2 | 13.18 | 83.20 | 96.38 | NOTE | |
r-release-linux-x86_64 | 0.5-2 | 12.07 | 82.07 | 94.14 | NOTE | |
r-release-windows-x86_64 | 0.5-2 | 24.00 | 102.00 | 126.00 | NOTE | |
r-oldrel-windows-ix86+x86_64 | 0.5-2 | 31.00 | 142.00 | 173.00 | NOTE |
Version: 0.5-2
Check: LazyData
Result: NOTE
'LazyData' is specified without a 'data' directory
Flavors: r-devel-linux-x86_64-debian-clang, r-devel-linux-x86_64-debian-gcc, r-devel-linux-x86_64-fedora-clang, r-devel-linux-x86_64-fedora-gcc, r-devel-windows-x86_64, r-patched-linux-x86_64, r-release-linux-x86_64, r-release-windows-x86_64, r-oldrel-windows-ix86+x86_64