Last updated on 2022-08-15 08:50:01 CEST.
Flavor | Version | Tinstall | Tcheck | Ttotal | Status | Flags |
---|---|---|---|---|---|---|
r-devel-linux-x86_64-debian-clang | 1.0.0 | 3.33 | 34.85 | 38.18 | OK | |
r-devel-linux-x86_64-debian-gcc | 1.0.0 | 2.64 | 26.70 | 29.34 | OK | |
r-devel-linux-x86_64-fedora-clang | 1.0.0 | 57.74 | NOTE | |||
r-devel-linux-x86_64-fedora-gcc | 1.0.0 | 54.76 | OK | |||
r-devel-windows-x86_64 | 1.0.0 | 28.00 | 57.00 | 85.00 | OK | |
r-patched-linux-x86_64 | 1.0.0 | 3.08 | 33.24 | 36.32 | OK | |
r-release-linux-x86_64 | 1.0.0 | 3.47 | 32.96 | 36.43 | OK | |
r-release-macos-arm64 | 1.0.0 | 19.00 | OK | |||
r-release-macos-x86_64 | 1.0.0 | 26.00 | OK | |||
r-release-windows-x86_64 | 1.0.0 | 35.00 | 58.00 | 93.00 | OK | |
r-oldrel-macos-arm64 | 1.0.0 | 22.00 | OK | |||
r-oldrel-macos-x86_64 | 1.0.0 | 33.00 | OK | |||
r-oldrel-windows-ix86+x86_64 | 1.0.0 | 7.00 | 65.00 | 72.00 | OK |
Version: 1.0.0
Check: Rd cross-references
Result: NOTE
Undeclared package ‘speedglm’ in Rd xrefs
Flavor: r-devel-linux-x86_64-fedora-clang