Last updated on 2022-08-15 08:50:01 CEST.
Flavor | Version | Tinstall | Tcheck | Ttotal | Status | Flags |
---|---|---|---|---|---|---|
r-devel-linux-x86_64-debian-clang | 0.6.0 | 4.22 | 46.47 | 50.69 | OK | |
r-devel-linux-x86_64-debian-gcc | 0.6.0 | 3.07 | 36.17 | 39.24 | OK | |
r-devel-linux-x86_64-fedora-clang | 0.6.0 | 73.26 | OK | |||
r-devel-linux-x86_64-fedora-gcc | 0.6.0 | 71.72 | OK | |||
r-devel-windows-x86_64 | 0.6.0 | 18.00 | 75.00 | 93.00 | OK | |
r-patched-linux-x86_64 | 0.6.0 | 4.33 | 44.64 | 48.97 | OK | |
r-release-linux-x86_64 | 0.6.0 | 2.86 | 45.54 | 48.40 | OK | |
r-release-macos-arm64 | 0.6.0 | 26.00 | NOTE | |||
r-release-macos-x86_64 | 0.6.0 | 33.00 | OK | |||
r-release-windows-x86_64 | 0.6.0 | 11.00 | 78.00 | 89.00 | OK | |
r-oldrel-macos-arm64 | 0.6.0 | 25.00 | OK | |||
r-oldrel-macos-x86_64 | 0.6.0 | 41.00 | OK | |||
r-oldrel-windows-ix86+x86_64 | 0.6.0 | 11.00 | 79.00 | 90.00 | OK |
Version: 0.6.0
Check: package dependencies
Result: NOTE
Package suggested but not available for checking: ‘Biostrings’
Flavor: r-release-macos-arm64
Version: 0.6.0
Check: Rd cross-references
Result: NOTE
Package unavailable to check Rd xrefs: ‘Biostrings’
Flavor: r-release-macos-arm64