Last updated on 2022-08-15 08:50:01 CEST.
Flavor | Version | Tinstall | Tcheck | Ttotal | Status | Flags |
---|---|---|---|---|---|---|
r-devel-linux-x86_64-debian-clang | 0.6.3 | 2.39 | 30.52 | 32.91 | OK | |
r-devel-linux-x86_64-debian-gcc | 0.6.3 | 2.00 | 24.20 | 26.20 | OK | |
r-devel-linux-x86_64-fedora-clang | 0.6.3 | 51.60 | NOTE | |||
r-devel-linux-x86_64-fedora-gcc | 0.6.3 | 50.29 | NOTE | |||
r-devel-windows-x86_64 | 0.6.3 | 17.00 | 63.00 | 80.00 | OK | |
r-patched-linux-x86_64 | 0.6.3 | 6.02 | 29.84 | 35.86 | OK | |
r-release-linux-x86_64 | 0.6.3 | 2.40 | 30.00 | 32.40 | OK | |
r-release-macos-arm64 | 0.6.3 | 19.00 | NOTE | |||
r-release-macos-x86_64 | 0.6.3 | 25.00 | NOTE | |||
r-release-windows-x86_64 | 0.6.3 | 20.00 | 64.00 | 84.00 | OK | |
r-oldrel-macos-arm64 | 0.6.3 | 19.00 | NOTE | |||
r-oldrel-macos-x86_64 | 0.6.3 | 25.00 | NOTE | |||
r-oldrel-windows-ix86+x86_64 | 0.6.3 | 6.00 | 53.00 | 59.00 | OK |
Version: 0.6.3
Check: data for non-ASCII characters
Result: NOTE
Note: found 75 marked UTF-8 strings
Flavors: r-devel-linux-x86_64-fedora-clang, r-devel-linux-x86_64-fedora-gcc, r-release-macos-arm64, r-release-macos-x86_64, r-oldrel-macos-arm64, r-oldrel-macos-x86_64