Last updated on 2022-08-15 08:50:01 CEST.
Flavor | Version | Tinstall | Tcheck | Ttotal | Status | Flags |
---|---|---|---|---|---|---|
r-devel-linux-x86_64-debian-clang | 1.0.5 | 41.49 | 191.05 | 232.54 | OK | |
r-devel-linux-x86_64-debian-gcc | 1.0.5 | 34.69 | 142.28 | 176.97 | OK | |
r-devel-linux-x86_64-fedora-clang | 1.0.5 | 282.42 | OK | |||
r-devel-linux-x86_64-fedora-gcc | 1.0.5 | 291.53 | OK | |||
r-devel-windows-x86_64 | 1.0.5 | 51.00 | 232.00 | 283.00 | OK | |
r-patched-linux-x86_64 | 1.0.5 | 38.15 | 174.92 | 213.07 | OK | |
r-release-linux-x86_64 | 1.0.5 | 39.74 | 172.57 | 212.31 | OK | |
r-release-macos-arm64 | 1.0.5 | 68.00 | NOTE | |||
r-release-macos-x86_64 | 1.0.5 | 94.00 | NOTE | |||
r-release-windows-x86_64 | 1.0.5 | 60.00 | 238.00 | 298.00 | OK | |
r-oldrel-macos-arm64 | 1.0.5 | 59.00 | NOTE | |||
r-oldrel-macos-x86_64 | 1.0.5 | 100.00 | NOTE | |||
r-oldrel-windows-ix86+x86_64 | 1.0.5 | 94.00 | 325.00 | 419.00 | OK |
Version: 1.0.5
Check: installed package size
Result: NOTE
installed size is 6.3Mb
sub-directories of 1Mb or more:
libs 5.7Mb
Flavors: r-release-macos-arm64, r-release-macos-x86_64, r-oldrel-macos-arm64, r-oldrel-macos-x86_64