Last updated on 2022-08-15 08:50:01 CEST.
Flavor | Version | Tinstall | Tcheck | Ttotal | Status | Flags |
---|---|---|---|---|---|---|
r-devel-linux-x86_64-debian-clang | 2.3.9 | 41.75 | 104.43 | 146.18 | OK | |
r-devel-linux-x86_64-debian-gcc | 2.3.9 | 32.14 | 78.34 | 110.48 | OK | |
r-devel-linux-x86_64-fedora-clang | 2.3.9 | 187.93 | OK | |||
r-devel-linux-x86_64-fedora-gcc | 2.3.9 | 188.20 | OK | |||
r-devel-windows-x86_64 | 2.3.9 | 46.00 | 181.00 | 227.00 | OK | |
r-patched-linux-x86_64 | 2.3.9 | 35.83 | 99.20 | 135.03 | OK | |
r-release-linux-x86_64 | 2.3.9 | 35.16 | 98.07 | 133.23 | OK | |
r-release-macos-arm64 | 2.3.9 | 69.00 | NOTE | |||
r-release-macos-x86_64 | 2.3.9 | 84.00 | NOTE | |||
r-release-windows-x86_64 | 2.3.9 | 134.00 | 177.00 | 311.00 | OK | |
r-oldrel-macos-arm64 | 2.3.9 | 78.00 | NOTE | |||
r-oldrel-macos-x86_64 | 2.3.9 | 123.00 | NOTE | |||
r-oldrel-windows-ix86+x86_64 | 2.3.9 | 88.00 | 221.00 | 309.00 | OK |
Version: 2.3.9
Check: installed package size
Result: NOTE
installed size is 5.1Mb
sub-directories of 1Mb or more:
libs 4.1Mb
Flavors: r-release-macos-arm64, r-release-macos-x86_64, r-oldrel-macos-arm64, r-oldrel-macos-x86_64