Last updated on 2022-08-15 08:50:01 CEST.
Flavor | Version | Tinstall | Tcheck | Ttotal | Status | Flags |
---|---|---|---|---|---|---|
r-devel-linux-x86_64-debian-clang | 0.1.0 | 4.88 | 49.46 | 54.34 | OK | |
r-devel-linux-x86_64-debian-gcc | 0.1.0 | 4.05 | 37.22 | 41.27 | OK | |
r-devel-linux-x86_64-fedora-clang | 0.1.0 | 74.55 | NOTE | |||
r-devel-linux-x86_64-fedora-gcc | 0.1.0 | 74.29 | NOTE | |||
r-devel-windows-x86_64 | 0.1.0 | 23.00 | 73.00 | 96.00 | OK | |
r-patched-linux-x86_64 | 0.1.0 | 5.21 | 46.65 | 51.86 | OK | |
r-release-linux-x86_64 | 0.1.0 | 3.86 | 46.95 | 50.81 | OK | |
r-release-macos-arm64 | 0.1.0 | 26.00 | NOTE | |||
r-release-macos-x86_64 | 0.1.0 | 35.00 | NOTE | |||
r-release-windows-x86_64 | 0.1.0 | 8.00 | 79.00 | 87.00 | OK | |
r-oldrel-macos-arm64 | 0.1.0 | 25.00 | NOTE | |||
r-oldrel-macos-x86_64 | 0.1.0 | 34.00 | NOTE | |||
r-oldrel-windows-ix86+x86_64 | 0.1.0 | 17.00 | 69.00 | 86.00 | OK |
Version: 0.1.0
Check: dependencies in R code
Result: NOTE
Namespace in Imports field not imported from: ‘memoise’
All declared Imports should be used.
Flavors: r-devel-linux-x86_64-fedora-clang, r-devel-linux-x86_64-fedora-gcc, r-release-macos-arm64, r-release-macos-x86_64, r-oldrel-macos-arm64, r-oldrel-macos-x86_64