Last updated on 2022-08-15 08:50:01 CEST.
Flavor | Version | Tinstall | Tcheck | Ttotal | Status | Flags |
---|---|---|---|---|---|---|
r-devel-linux-x86_64-debian-clang | 0.1.6 | 364.70 | 63.53 | 428.23 | OK | |
r-devel-linux-x86_64-debian-gcc | 0.1.6 | 313.41 | 47.97 | 361.38 | OK | |
r-devel-linux-x86_64-fedora-clang | 0.1.6 | 633.21 | OK | |||
r-devel-linux-x86_64-fedora-gcc | 0.1.6 | 682.07 | OK | |||
r-devel-windows-x86_64 | 0.1.6 | 392.00 | 145.00 | 537.00 | OK | |
r-patched-linux-x86_64 | 0.1.6 | 350.72 | 59.52 | 410.24 | OK | |
r-release-linux-x86_64 | 0.1.6 | 329.89 | 61.07 | 390.96 | OK | |
r-release-macos-arm64 | 0.1.6 | 128.00 | NOTE | |||
r-release-macos-x86_64 | 0.1.6 | 220.00 | NOTE | |||
r-release-windows-x86_64 | 0.1.6 | 317.00 | 151.00 | 468.00 | OK | |
r-oldrel-macos-arm64 | 0.1.6 | 111.00 | NOTE | |||
r-oldrel-macos-x86_64 | 0.1.6 | 160.00 | NOTE | |||
r-oldrel-windows-ix86+x86_64 | 0.1.6 | 939.00 | 198.00 | 1137.00 | NOTE |
Version: 0.1.6
Check: installed package size
Result: NOTE
installed size is 18.1Mb
sub-directories of 1Mb or more:
help 1.0Mb
libs 17.0Mb
Flavors: r-release-macos-arm64, r-release-macos-x86_64, r-oldrel-macos-arm64, r-oldrel-macos-x86_64, r-oldrel-windows-ix86+x86_64