Last updated on 2022-08-15 08:50:01 CEST.
Flavor | Version | Tinstall | Tcheck | Ttotal | Status | Flags |
---|---|---|---|---|---|---|
r-devel-linux-x86_64-debian-clang | 11.3.5.101 | 14.26 | 58.42 | 72.68 | OK | |
r-devel-linux-x86_64-debian-gcc | 11.3.5.101 | 10.95 | 42.68 | 53.63 | OK | |
r-devel-linux-x86_64-fedora-clang | 11.3.5.101 | 94.52 | NOTE | |||
r-devel-linux-x86_64-fedora-gcc | 11.3.5.101 | 97.77 | NOTE | |||
r-devel-windows-x86_64 | 11.3.5.101 | 36.00 | 85.00 | 121.00 | OK | |
r-patched-linux-x86_64 | 11.3.5.101 | 13.47 | 53.56 | 67.03 | OK | |
r-release-linux-x86_64 | 11.3.5.101 | 12.20 | 52.22 | 64.42 | OK | |
r-release-macos-arm64 | 11.3.5.101 | 28.00 | NOTE | |||
r-release-macos-x86_64 | 11.3.5.101 | 42.00 | NOTE | |||
r-release-windows-x86_64 | 11.3.5.101 | 33.00 | 92.00 | 125.00 | OK | |
r-oldrel-macos-arm64 | 11.3.5.101 | 27.00 | NOTE | |||
r-oldrel-macos-x86_64 | 11.3.5.101 | 40.00 | NOTE | |||
r-oldrel-windows-ix86+x86_64 | 11.3.5.101 | 29.00 | 79.00 | 108.00 | OK |
Version: 11.3.5.101
Check: dependencies in R code
Result: NOTE
Namespaces in Imports field not imported from:
‘markdown’ ‘methods’ ‘vctrs’
All declared Imports should be used.
Flavors: r-devel-linux-x86_64-fedora-clang, r-devel-linux-x86_64-fedora-gcc, r-release-macos-arm64, r-release-macos-x86_64, r-oldrel-macos-arm64, r-oldrel-macos-x86_64