Last updated on 2022-08-15 08:50:01 CEST.
Flavor | Version | Tinstall | Tcheck | Ttotal | Status | Flags |
---|---|---|---|---|---|---|
r-devel-linux-x86_64-debian-clang | 1.1.2 | 9.32 | 172.15 | 181.47 | OK | |
r-devel-linux-x86_64-debian-gcc | 1.1.2 | 7.06 | 126.11 | 133.17 | OK | |
r-devel-linux-x86_64-fedora-clang | 1.1.2 | 212.69 | NOTE | |||
r-devel-linux-x86_64-fedora-gcc | 1.1.2 | 220.23 | NOTE | |||
r-devel-windows-x86_64 | 1.1.2 | 30.00 | 203.00 | 233.00 | OK | |
r-patched-linux-x86_64 | 1.1.2 | 7.34 | 159.33 | 166.67 | OK | |
r-release-linux-x86_64 | 1.1.2 | 6.97 | 159.24 | 166.21 | OK | |
r-release-macos-arm64 | 1.1.2 | 54.00 | NOTE | |||
r-release-macos-x86_64 | 1.1.2 | 103.00 | NOTE | |||
r-release-windows-x86_64 | 1.1.2 | 15.00 | 199.00 | 214.00 | OK | |
r-oldrel-macos-arm64 | 1.1.2 | 82.00 | NOTE | |||
r-oldrel-macos-x86_64 | 1.1.2 | 95.00 | NOTE | |||
r-oldrel-windows-ix86+x86_64 | 1.1.2 | 20.00 | 215.00 | 235.00 | OK |
Version: 1.1.2
Check: dependencies in R code
Result: NOTE
Namespace in Imports field not imported from: ‘ggplot2’
All declared Imports should be used.
Flavors: r-devel-linux-x86_64-fedora-clang, r-devel-linux-x86_64-fedora-gcc, r-release-macos-arm64, r-release-macos-x86_64, r-oldrel-macos-arm64, r-oldrel-macos-x86_64