Last updated on 2022-08-15 08:50:02 CEST.
Flavor | Version | Tinstall | Tcheck | Ttotal | Status | Flags |
---|---|---|---|---|---|---|
r-devel-linux-x86_64-debian-clang | 1.1.2 | 18.54 | 145.16 | 163.70 | NOTE | |
r-devel-linux-x86_64-debian-gcc | 1.1.2 | 14.55 | 106.80 | 121.35 | NOTE | |
r-devel-linux-x86_64-fedora-clang | 1.1.2 | 205.83 | NOTE | |||
r-devel-linux-x86_64-fedora-gcc | 1.1.2 | 201.11 | NOTE | |||
r-devel-windows-x86_64 | 1.1.2 | 36.00 | 163.00 | 199.00 | NOTE | |
r-patched-linux-x86_64 | 1.1.2 | 17.34 | 134.72 | 152.06 | OK | |
r-release-linux-x86_64 | 1.1.2 | 12.24 | 134.84 | 147.08 | OK | |
r-release-macos-arm64 | 1.1.2 | 50.00 | OK | |||
r-release-macos-x86_64 | 1.1.2 | 90.00 | OK | |||
r-release-windows-x86_64 | 1.1.2 | 36.00 | 160.00 | 196.00 | OK | |
r-oldrel-macos-arm64 | 1.1.2 | 62.00 | OK | |||
r-oldrel-macos-x86_64 | 1.1.2 | 87.00 | OK | |||
r-oldrel-windows-ix86+x86_64 | 1.1.2 | 39.00 | 155.00 | 194.00 | OK |
Version: 1.1.2
Check: package subdirectories
Result: NOTE
Problems with news in 'NEWS.md':
No news entries found.
Flavors: r-devel-linux-x86_64-debian-clang, r-devel-linux-x86_64-debian-gcc, r-devel-linux-x86_64-fedora-clang, r-devel-linux-x86_64-fedora-gcc, r-devel-windows-x86_64