Last updated on 2022-08-15 08:50:02 CEST.
Flavor | Version | Tinstall | Tcheck | Ttotal | Status | Flags |
---|---|---|---|---|---|---|
r-devel-linux-x86_64-debian-clang | 0.1-8 | 2.56 | 66.26 | 68.82 | NOTE | |
r-devel-linux-x86_64-debian-gcc | 0.1-8 | 2.65 | 48.79 | 51.44 | NOTE | |
r-devel-linux-x86_64-fedora-clang | 0.1-8 | 90.73 | NOTE | |||
r-devel-linux-x86_64-fedora-gcc | 0.1-8 | 95.04 | NOTE | |||
r-devel-windows-x86_64 | 0.1-8 | 16.00 | 99.00 | 115.00 | NOTE | |
r-patched-linux-x86_64 | 0.1-8 | 3.44 | 61.61 | 65.05 | OK | |
r-release-linux-x86_64 | 0.1-8 | 2.39 | 61.36 | 63.75 | OK | |
r-release-macos-arm64 | 0.1-8 | 30.00 | OK | |||
r-release-macos-x86_64 | 0.1-8 | 38.00 | OK | |||
r-release-windows-x86_64 | 0.1-8 | 36.00 | 88.00 | 124.00 | OK | |
r-oldrel-macos-arm64 | 0.1-8 | 27.00 | OK | |||
r-oldrel-macos-x86_64 | 0.1-8 | 47.00 | OK | |||
r-oldrel-windows-ix86+x86_64 | 0.1-8 | 7.00 | 85.00 | 92.00 | OK |
Version: 0.1-8
Check: Rd files
Result: NOTE
checkRd: (-1) print.multcompLetters.Rd:20: Escaped LaTeX specials: \$
Flavors: r-devel-linux-x86_64-debian-clang, r-devel-linux-x86_64-debian-gcc, r-devel-linux-x86_64-fedora-clang, r-devel-linux-x86_64-fedora-gcc, r-devel-windows-x86_64