Last updated on 2022-08-15 08:50:02 CEST.
Flavor | Version | Tinstall | Tcheck | Ttotal | Status | Flags |
---|---|---|---|---|---|---|
r-devel-linux-x86_64-debian-clang | 1.0.1 | 2.69 | 46.71 | 49.40 | NOTE | |
r-devel-linux-x86_64-debian-gcc | 1.0.1 | 2.39 | 32.94 | 35.33 | NOTE | |
r-devel-linux-x86_64-fedora-clang | 1.0.1 | 68.47 | NOTE | |||
r-devel-linux-x86_64-fedora-gcc | 1.0.1 | 66.49 | NOTE | |||
r-devel-windows-x86_64 | 1.0.1 | 20.00 | 71.00 | 91.00 | NOTE | |
r-patched-linux-x86_64 | 1.0.1 | 2.73 | 42.39 | 45.12 | NOTE | |
r-release-linux-x86_64 | 1.0.1 | 2.57 | 41.80 | 44.37 | NOTE | |
r-release-macos-arm64 | 1.0.1 | 19.00 | NOTE | |||
r-release-macos-x86_64 | 1.0.1 | 25.00 | NOTE | |||
r-release-windows-x86_64 | 1.0.1 | 26.00 | 63.00 | 89.00 | NOTE | |
r-oldrel-macos-arm64 | 1.0.1 | 26.00 | NOTE | |||
r-oldrel-macos-x86_64 | 1.0.1 | 40.00 | NOTE | |||
r-oldrel-windows-ix86+x86_64 | 1.0.1 | 7.00 | 68.00 | 75.00 | NOTE |
Version: 1.0.1
Check: LazyData
Result: NOTE
'LazyData' is specified without a 'data' directory
Flavors: r-devel-linux-x86_64-debian-clang, r-devel-linux-x86_64-debian-gcc, r-devel-linux-x86_64-fedora-clang, r-devel-linux-x86_64-fedora-gcc, r-devel-windows-x86_64, r-patched-linux-x86_64, r-release-linux-x86_64, r-release-macos-arm64, r-release-macos-x86_64, r-release-windows-x86_64, r-oldrel-macos-arm64, r-oldrel-macos-x86_64, r-oldrel-windows-ix86+x86_64