Last updated on 2022-08-15 08:50:02 CEST.
Flavor | Version | Tinstall | Tcheck | Ttotal | Status | Flags |
---|---|---|---|---|---|---|
r-devel-linux-x86_64-debian-clang | 1.1.0 | 23.28 | 336.04 | 359.32 | NOTE | |
r-devel-linux-x86_64-debian-gcc | 1.1.0 | 13.67 | 226.05 | 239.72 | NOTE | |
r-devel-linux-x86_64-fedora-clang | 1.1.0 | 446.37 | NOTE | |||
r-devel-linux-x86_64-fedora-gcc | 1.1.0 | 431.25 | NOTE | |||
r-devel-windows-x86_64 | 1.1.0 | 68.00 | 321.00 | 389.00 | NOTE | |
r-patched-linux-x86_64 | 1.1.0 | 14.47 | 316.57 | 331.04 | NOTE | |
r-release-linux-x86_64 | 1.1.0 | 17.08 | 312.47 | 329.55 | NOTE | |
r-release-macos-arm64 | 1.1.0 | 103.00 | NOTE | |||
r-release-macos-x86_64 | 1.1.0 | 134.00 | NOTE | |||
r-release-windows-x86_64 | 1.1.0 | 65.00 | 324.00 | 389.00 | NOTE | |
r-oldrel-macos-arm64 | 1.1.0 | 115.00 | NOTE | |||
r-oldrel-macos-x86_64 | 1.1.0 | 170.00 | NOTE | |||
r-oldrel-windows-ix86+x86_64 | 1.1.0 | 50.00 | 668.00 | 718.00 | NOTE |
Version: 1.1.0
Check: for GNU extensions in Makefiles
Result: NOTE
GNU make is a SystemRequirements.
Flavors: r-devel-linux-x86_64-debian-clang, r-devel-linux-x86_64-debian-gcc, r-devel-linux-x86_64-fedora-clang, r-devel-linux-x86_64-fedora-gcc, r-devel-windows-x86_64, r-patched-linux-x86_64, r-release-linux-x86_64, r-release-macos-arm64, r-release-macos-x86_64, r-release-windows-x86_64, r-oldrel-macos-arm64, r-oldrel-macos-x86_64, r-oldrel-windows-ix86+x86_64
Version: 1.1.0
Check: dependencies in R code
Result: NOTE
Namespace in Imports field not imported from: ‘Rdpack’
All declared Imports should be used.
Flavors: r-devel-linux-x86_64-fedora-clang, r-devel-linux-x86_64-fedora-gcc, r-release-macos-arm64, r-release-macos-x86_64, r-oldrel-macos-arm64, r-oldrel-macos-x86_64