Last updated on 2022-08-15 08:50:02 CEST.
Flavor | Version | Tinstall | Tcheck | Ttotal | Status | Flags |
---|---|---|---|---|---|---|
r-devel-linux-x86_64-debian-clang | 0.1.1 | 6.54 | 139.77 | 146.31 | OK | |
r-devel-linux-x86_64-debian-gcc | 0.1.1 | 4.98 | 111.27 | 116.25 | OK | |
r-devel-linux-x86_64-fedora-clang | 0.1.1 | 182.65 | OK | |||
r-devel-linux-x86_64-fedora-gcc | 0.1.1 | 184.67 | OK | |||
r-devel-windows-x86_64 | 0.1.1 | 28.00 | 177.00 | 205.00 | OK | |
r-patched-linux-x86_64 | 0.1.1 | 3.97 | 134.42 | 138.39 | OK | |
r-release-linux-x86_64 | 0.1.1 | 4.88 | 134.52 | 139.40 | OK | |
r-release-macos-arm64 | 0.1.1 | 59.00 | OK | |||
r-release-macos-x86_64 | 0.1.1 | 114.00 | OK | |||
r-release-windows-x86_64 | 0.1.1 | 22.00 | 132.00 | 154.00 | ERROR | |
r-oldrel-macos-arm64 | 0.1.1 | 315.00 | OK | |||
r-oldrel-macos-x86_64 | 0.1.1 | 81.00 | OK | |||
r-oldrel-windows-ix86+x86_64 | 0.1.1 | 16.00 | 156.00 | 172.00 | OK |
Version: 0.1.1
Check: re-building of vignette outputs
Result: ERROR
Error(s) in re-building vignettes:
--- re-building 'multidplyr.Rmd' using rmarkdown
*** recursive gc invocation
*** recursive gc invocation
*** recursive gc invocation
*** recursive gc invocation
*** recursive gc invocation
*** recursive gc invocation
*** recursive gc invocation
*** recursive gc invocation
*** recursive gc invocation
*** recursive gc invocation
*** recursive gc invocation
*** recursive gc invocation
*** recursive gc invocation
*** recursive gc invocation
*** recursive gc invocation
*** recursive gc invocation
*** recursive gc invocation
*** recursive gc invocation
*** recursive gc invocation
*** recursive gc invocation
*** recursive gc invocation
*** recursive gc invocation
*** recursive gc invocation
*** recursive gc invocation
*** recursive gc invocation
*** recursive gc invocation
*** recursive gc invocation
*** recursive gc invocation
*** recursive gc invocation
*** recursive gc invocation
*** recursive gc invocation
*** recursive gc invocation
*** recursive gc invocation
*** recursive gc invocation
*** recursive gc invocation
*** recursive gc invocation
*** recursive gc invocation
*** recursive gc invocation
*** recursive gc invocation
*** recursive gc invocation
*** recursive gc invocation
*** recursive gc invocation
*** recursive gc invocation
*** recursive gc invocation
*** recursive gc invocation
*** recursive gc invocation
*** recursive gc invocation
*** recursive gc invocation
*** recursive gc invocation
*** recursive gc invocation
*** recursive gc invocation
*** recursive gc invocation
*** recursive gc invocation
*** recursive gc invocation
*** recursive gc invocation
*** recursive gc invocation
*** recursive gc invocation
*** recursive gc invocation
*** recursive gc invocation
*** recursive gc invocation
*** recursive gc invocation
*** recursive gc invocation
Flavor: r-release-windows-x86_64